CRAN Package Check Results for Package rehh

Last updated on 2020-02-20 22:51:10 CET.

Flavor Version Tinstall Tcheck Ttotal Status Flags
r-devel-linux-x86_64-debian-clang 3.0.1 10.06 169.96 180.02 ERROR
r-devel-linux-x86_64-debian-gcc 3.0.1 6.83 128.11 134.94 OK
r-devel-linux-x86_64-fedora-clang 3.0.1 214.74 OK
r-devel-linux-x86_64-fedora-gcc 3.0.1 215.35 OK
r-devel-windows-ix86+x86_64 3.0.1 24.00 232.00 256.00 OK
r-devel-windows-ix86+x86_64-gcc8 3.0.1 34.00 222.00 256.00 OK
r-patched-linux-x86_64 3.0.1 6.92 154.75 161.67 OK
r-patched-solaris-x86 3.0.1 281.80 OK
r-release-linux-x86_64 3.0.1 6.51 154.20 160.71 OK
r-release-windows-ix86+x86_64 3.0.1 23.00 231.00 254.00 OK
r-release-osx-x86_64 3.0.1 OK
r-oldrel-windows-ix86+x86_64 3.0.1 22.00 212.00 234.00 OK
r-oldrel-osx-x86_64 3.0.1 OK

Check Details

Version: 3.0.1
Check: tests
Result: ERROR
     Running 'testthat.R' [49s/51s]
    Running the tests in 'tests/testthat.R' failed.
    Complete output:
     > library(testthat)
     > test_check("rehh")
     Loading required package: rehh
     -- 1. Failure: checked_calc_candidate_regions (@test_calc_candidate_regions.R#23
     `chr_numbers` not identical to c(5L, 12L, 18L).
     Lengths differ: 0 is not 3
    
     -- 2. Failure: checked_calc_candidate_regions (@test_calc_candidate_regions.R#34
     `chr_numbers` not identical to c(1L, 4L, 5L, 5L, 7L, 12L, 18L).
     Lengths differ: 0 is not 7
    
     -- 3. Failure: checked_calc_candidate_regions (@test_calc_candidate_regions.R#48
     `chr_numbers` not identical to c(...).
     Lengths differ: 0 is not 16
    
     -- 4. Failure: checked_calc_candidate_regions (@test_calc_candidate_regions.R#77
     `chr_numbers` not identical to c(2L, 3L, 5L, 5L, 10L, 12L, 13L, 13L, 14L, 14L, 16L).
     Lengths differ: 0 is not 11
    
     -- 5. Failure: checked_example2 (@test_examples.R#590) ------------------------
     `scan` not equal to `expected`.
     Component "CHR": Modes: character, numeric
     Component "CHR": Attributes: < target is NULL, current is list >
     Component "CHR": target is character, current is factor
    
     == testthat results ===========================================================
     [ OK: 77 | SKIPPED: 0 | WARNINGS: 0 | FAILED: 5 ]
     1. Failure: checked_calc_candidate_regions (@test_calc_candidate_regions.R#23)
     2. Failure: checked_calc_candidate_regions (@test_calc_candidate_regions.R#34)
     3. Failure: checked_calc_candidate_regions (@test_calc_candidate_regions.R#48)
     4. Failure: checked_calc_candidate_regions (@test_calc_candidate_regions.R#77)
     5. Failure: checked_example2 (@test_examples.R#590)
    
     Error: testthat unit tests failed
     Execution halted
Flavor: r-devel-linux-x86_64-debian-clang