Last updated on 2023-11-30 23:55:52 CET.
Flavor | Version | Tinstall | Tcheck | Ttotal | Status | Flags |
---|---|---|---|---|---|---|
r-devel-linux-x86_64-debian-clang | 0.6-13 | 12.55 | 103.36 | 115.91 | OK | |
r-devel-linux-x86_64-debian-gcc | 0.6-13 | 8.59 | 74.39 | 82.98 | OK | |
r-devel-linux-x86_64-fedora-clang | 0.6-13 | 149.53 | NOTE | |||
r-devel-linux-x86_64-fedora-gcc | 0.6-13 | 159.36 | NOTE | |||
r-devel-windows-x86_64 | 0.6-13 | 9.00 | 116.00 | 125.00 | NOTE | |
r-patched-linux-x86_64 | 0.6-13 | 9.92 | 95.45 | 105.37 | OK | |
r-release-linux-x86_64 | 0.6-13 | 9.59 | 97.84 | 107.43 | OK | |
r-release-macos-arm64 | 0.6-13 | 51.00 | NOTE | |||
r-release-macos-x86_64 | 0.6-13 | 82.00 | NOTE | |||
r-release-windows-x86_64 | 0.6-13 | 11.00 | 124.00 | 135.00 | NOTE | |
r-oldrel-macos-arm64 | 0.6-13 | 45.00 | NOTE | |||
r-oldrel-macos-x86_64 | 0.6-13 | 55.00 | NOTE | |||
r-oldrel-windows-x86_64 | 0.6-13 | 15.00 | 122.00 | 137.00 | NOTE |
Version: 0.6-13
Check: package dependencies
Result: NOTE
Package which this enhances but not available for checking: ‘Rcplex’
Flavors: r-devel-linux-x86_64-fedora-clang, r-devel-linux-x86_64-fedora-gcc, r-devel-windows-x86_64, r-release-macos-arm64, r-release-macos-x86_64, r-release-windows-x86_64, r-oldrel-macos-arm64, r-oldrel-macos-x86_64, r-oldrel-windows-x86_64
Version: 0.6-13
Check: Rd cross-references
Result: NOTE
Undeclared package ‘graph’ in Rd xrefs
Flavor: r-devel-linux-x86_64-fedora-clang