CRAN Package Check Results for Package rematch

Last updated on 2022-10-01 18:54:23 CEST.

Flavor Version Tinstall Tcheck Ttotal Status Flags
r-devel-linux-x86_64-debian-clang 1.0.1 1.52 21.80 23.32 NOTE
r-devel-linux-x86_64-debian-gcc 1.0.1 1.10 17.34 18.44 NOTE
r-devel-linux-x86_64-fedora-clang 1.0.1 41.94 NOTE
r-devel-linux-x86_64-fedora-gcc 1.0.1 38.37 NOTE
r-devel-windows-x86_64 1.0.1 5.00 52.00 57.00 NOTE
r-patched-linux-x86_64 1.0.1 1.58 21.60 23.18 NOTE
r-release-linux-x86_64 1.0.1 1.64 21.17 22.81 NOTE
r-release-macos-arm64 1.0.1 14.00 NOTE
r-release-macos-x86_64 1.0.1 21.00 NOTE
r-release-windows-x86_64 1.0.1 8.00 45.00 53.00 NOTE
r-oldrel-macos-arm64 1.0.1 19.00 NOTE
r-oldrel-macos-x86_64 1.0.1 27.00 NOTE
r-oldrel-windows-ix86+x86_64 1.0.1 6.00 46.00 52.00 NOTE

Check Details

Version: 1.0.1
Check: LazyData
Result: NOTE
     'LazyData' is specified without a 'data' directory
Flavors: r-devel-linux-x86_64-debian-clang, r-devel-linux-x86_64-debian-gcc, r-devel-linux-x86_64-fedora-clang, r-devel-linux-x86_64-fedora-gcc, r-devel-windows-x86_64, r-patched-linux-x86_64, r-release-linux-x86_64, r-release-macos-arm64, r-release-macos-x86_64, r-release-windows-x86_64, r-oldrel-macos-arm64, r-oldrel-macos-x86_64, r-oldrel-windows-ix86+x86_64