CRAN Package Check Results for Package rematch2

Last updated on 2022-10-02 16:51:55 CEST.

Flavor Version Tinstall Tcheck Ttotal Status Flags
r-devel-linux-x86_64-debian-clang 2.1.2 4.03 41.89 45.92 NOTE
r-devel-linux-x86_64-debian-gcc 2.1.2 3.68 31.52 35.20 NOTE
r-devel-linux-x86_64-fedora-clang 2.1.2 68.89 NOTE
r-devel-linux-x86_64-fedora-gcc 2.1.2 62.19 NOTE
r-devel-windows-x86_64 2.1.2 8.00 70.00 78.00 NOTE
r-patched-linux-x86_64 2.1.2 4.72 38.29 43.01 NOTE
r-release-linux-x86_64 2.1.2 3.61 38.65 42.26 NOTE
r-release-macos-arm64 2.1.2 19.00 NOTE
r-release-macos-x86_64 2.1.2 32.00 NOTE
r-release-windows-x86_64 2.1.2 11.00 62.00 73.00 NOTE
r-oldrel-macos-arm64 2.1.2 25.00 NOTE
r-oldrel-macos-x86_64 2.1.2 35.00 NOTE
r-oldrel-windows-ix86+x86_64 2.1.2 11.00 61.00 72.00 NOTE

Check Details

Version: 2.1.2
Check: LazyData
Result: NOTE
     'LazyData' is specified without a 'data' directory
Flavors: r-devel-linux-x86_64-debian-clang, r-devel-linux-x86_64-debian-gcc, r-devel-linux-x86_64-fedora-clang, r-devel-linux-x86_64-fedora-gcc, r-devel-windows-x86_64, r-patched-linux-x86_64, r-release-linux-x86_64, r-release-macos-arm64, r-release-macos-x86_64, r-release-windows-x86_64, r-oldrel-macos-arm64, r-oldrel-macos-x86_64, r-oldrel-windows-ix86+x86_64

Version: 2.1.2
Check: Rd cross-references
Result: NOTE
    Undeclared package ‘magrittr’ in Rd xrefs
Flavor: r-devel-linux-x86_64-fedora-clang