CRAN Package Check Results for Package remedy

Last updated on 2022-12-09 15:55:59 CET.

Flavor Version Tinstall Tcheck Ttotal Status Flags
r-devel-linux-x86_64-debian-clang 0.1.0 4.85 49.72 54.57 NOTE
r-devel-linux-x86_64-debian-gcc 0.1.0 4.63 39.43 44.06 NOTE
r-devel-linux-x86_64-fedora-clang 0.1.0 77.89 NOTE
r-devel-linux-x86_64-fedora-gcc 0.1.0 86.63 NOTE
r-devel-windows-x86_64 0.1.0 26.00 84.00 110.00 NOTE
r-patched-linux-x86_64 0.1.0 4.09 47.27 51.36 NOTE
r-release-linux-x86_64 0.1.0 5.12 47.93 53.05 NOTE
r-release-macos-arm64 0.1.0 23.00 NOTE
r-release-macos-x86_64 0.1.0 36.00 NOTE
r-release-windows-x86_64 0.1.0 21.00 85.00 106.00 NOTE
r-oldrel-macos-arm64 0.1.0 28.00 NOTE
r-oldrel-macos-x86_64 0.1.0 40.00 NOTE
r-oldrel-windows-ix86+x86_64 0.1.0 12.00 75.00 87.00 NOTE

Check Details

Version: 0.1.0
Check: LazyData
Result: NOTE
     'LazyData' is specified without a 'data' directory
Flavors: r-devel-linux-x86_64-debian-clang, r-devel-linux-x86_64-debian-gcc, r-devel-linux-x86_64-fedora-clang, r-devel-linux-x86_64-fedora-gcc, r-devel-windows-x86_64, r-patched-linux-x86_64, r-release-linux-x86_64, r-release-macos-arm64, r-release-macos-x86_64, r-release-windows-x86_64, r-oldrel-macos-arm64, r-oldrel-macos-x86_64, r-oldrel-windows-ix86+x86_64