Last updated on 2022-05-25 23:10:19 CEST.
Flavor | Version | Tinstall | Tcheck | Ttotal | Status | Flags |
---|---|---|---|---|---|---|
r-devel-linux-x86_64-debian-clang | 0.4-0 | 4.43 | 51.50 | 55.93 | NOTE | |
r-devel-linux-x86_64-debian-gcc | 0.4-0 | 3.00 | 40.03 | 43.03 | NOTE | |
r-devel-linux-x86_64-fedora-clang | 0.4-0 | 70.32 | NOTE | |||
r-devel-linux-x86_64-fedora-gcc | 0.4-0 | 58.17 | NOTE | |||
r-devel-windows-x86_64 | 0.4-0 | 28.00 | 109.00 | 137.00 | OK | |
r-patched-linux-x86_64 | 0.4-0 | 3.13 | 49.77 | 52.90 | NOTE | |
r-release-linux-x86_64 | 0.4-0 | NOTE | ||||
r-release-macos-arm64 | 0.4-0 | 25.00 | OK | |||
r-release-macos-x86_64 | 0.4-0 | 37.00 | NOTE | |||
r-release-windows-x86_64 | 0.4-0 | 32.00 | 104.00 | 136.00 | OK | |
r-oldrel-macos-arm64 | 0.4-0 | 31.00 | OK | |||
r-oldrel-macos-x86_64 | 0.4-0 | 54.00 | OK | |||
r-oldrel-windows-ix86+x86_64 | 0.4-0 | 8.00 | 84.00 | 92.00 | OK |
Version: 0.4-0
Check: package dependencies
Result: NOTE
Package suggested but not available for checking: 'pbdRPC'
Flavors: r-devel-linux-x86_64-debian-clang, r-devel-linux-x86_64-debian-gcc, r-devel-linux-x86_64-fedora-clang, r-devel-linux-x86_64-fedora-gcc, r-patched-linux-x86_64, r-release-linux-x86_64, r-release-macos-x86_64