CRAN Package Check Results for Package repeated

Last updated on 2022-09-28 13:52:01 CEST.

Flavor Version Tinstall Tcheck Ttotal Status Flags
r-devel-linux-x86_64-debian-clang 1.1.5 49.31 107.25 156.56 NOTE
r-devel-linux-x86_64-debian-gcc 1.1.5 36.69 77.42 114.11 NOTE
r-devel-linux-x86_64-fedora-clang 1.1.5 194.82 NOTE
r-devel-linux-x86_64-fedora-gcc 1.1.5 188.25 NOTE
r-devel-windows-x86_64 1.1.5 55.00 120.00 175.00 NOTE
r-patched-linux-x86_64 1.1.5 36.14 101.28 137.42 OK
r-release-linux-x86_64 1.1.5 38.08 98.51 136.59 OK
r-release-macos-arm64 1.1.5 52.00 OK
r-release-macos-x86_64 1.1.5 60.00 OK
r-release-windows-x86_64 1.1.5 57.00 116.00 173.00 OK
r-oldrel-macos-arm64 1.1.5 52.00 OK
r-oldrel-macos-x86_64 1.1.5 61.00 OK
r-oldrel-windows-ix86+x86_64 1.1.5 79.00 124.00 203.00 OK

Check Details

Version: 1.1.5
Check: package subdirectories
Result: NOTE
    Problems with news in 'NEWS.md':
    No news entries found.
Flavors: r-devel-linux-x86_64-debian-clang, r-devel-linux-x86_64-debian-gcc, r-devel-linux-x86_64-fedora-clang, r-devel-linux-x86_64-fedora-gcc, r-devel-windows-x86_64