CRAN Package Check Results for Package replicateBE

Last updated on 2022-01-29 03:59:33 CET.

Flavor Version Tinstall Tcheck Ttotal Status Flags
r-devel-linux-x86_64-debian-clang 1.1.0 17.62 213.11 230.73 OK
r-devel-linux-x86_64-debian-gcc 1.1.0 11.42 142.25 153.67 OK
r-devel-linux-x86_64-fedora-clang 1.1.0 254.35 OK
r-devel-linux-x86_64-fedora-gcc 1.1.0 253.93 OK
r-devel-windows-x86_64-new-UL 1.1.0 80.00 209.00 289.00 OK
r-devel-windows-x86_64-new-TK 1.1.0 ERROR
r-patched-linux-x86_64 1.1.0 13.90 190.57 204.47 OK
r-release-linux-x86_64 1.1.0 10.16 192.59 202.75 OK
r-release-macos-arm64 1.1.0 OK
r-release-macos-x86_64 1.1.0 OK
r-release-windows-ix86+x86_64 1.1.0 32.00 212.00 244.00 OK
r-oldrel-macos-x86_64 1.1.0 OK
r-oldrel-windows-ix86+x86_64 1.1.0 32.00 217.00 249.00 OK

Check Details

Version: 1.1.0
Check: package dependencies
Result: ERROR
    Packages required but not available: 'lmerTest', 'pbkrtest'
    
    See section 'The DESCRIPTION file' in the 'Writing R Extensions'
    manual.
Flavor: r-devel-windows-x86_64-new-TK