CRAN Package Check Results for Package repmod

Last updated on 2022-06-25 02:52:26 CEST.

Flavor Version Tinstall Tcheck Ttotal Status Flags
r-devel-linux-x86_64-debian-clang 0.1.7 3.43 34.65 38.08 NOTE
r-devel-linux-x86_64-debian-gcc 0.1.7 3.10 27.15 30.25 NOTE
r-devel-linux-x86_64-fedora-clang 0.1.7 62.76 NOTE
r-devel-linux-x86_64-fedora-gcc 0.1.7 57.92 NOTE
r-devel-windows-x86_64 0.1.7 19.00 62.00 81.00 NOTE
r-patched-linux-x86_64 0.1.7 3.53 33.85 37.38 NOTE
r-release-linux-x86_64 0.1.7 2.96 34.21 37.17 NOTE
r-release-macos-arm64 0.1.7 21.00 NOTE
r-release-macos-x86_64 0.1.7 29.00 NOTE
r-release-windows-x86_64 0.1.7 19.00 59.00 78.00 NOTE
r-oldrel-macos-arm64 0.1.7 23.00 NOTE
r-oldrel-macos-x86_64 0.1.7 31.00 NOTE
r-oldrel-windows-ix86+x86_64 0.1.7 10.00 54.00 64.00 NOTE

Check Details

Version: 0.1.7
Check: LazyData
Result: NOTE
     'LazyData' is specified without a 'data' directory
Flavors: r-devel-linux-x86_64-debian-clang, r-devel-linux-x86_64-debian-gcc, r-devel-linux-x86_64-fedora-clang, r-devel-linux-x86_64-fedora-gcc, r-devel-windows-x86_64, r-patched-linux-x86_64, r-release-linux-x86_64, r-release-macos-arm64, r-release-macos-x86_64, r-release-windows-x86_64, r-oldrel-macos-arm64, r-oldrel-macos-x86_64, r-oldrel-windows-ix86+x86_64