CRAN Package Check Results for Package represtools

Last updated on 2022-08-10 14:49:11 CEST.

Flavor Version Tinstall Tcheck Ttotal Status Flags
r-devel-linux-x86_64-debian-clang 0.1.3 1.96 26.74 28.70 NOTE
r-devel-linux-x86_64-debian-gcc 0.1.3 1.71 21.31 23.02 NOTE
r-devel-linux-x86_64-fedora-clang 0.1.3 46.43 NOTE
r-devel-linux-x86_64-fedora-gcc 0.1.3 45.48 NOTE
r-devel-windows-x86_64 0.1.3 41.00 57.00 98.00 NOTE
r-patched-linux-x86_64 0.1.3 1.56 26.47 28.03 NOTE
r-release-linux-x86_64 0.1.3 NOTE
r-release-macos-arm64 0.1.3 16.00 NOTE
r-release-macos-x86_64 0.1.3 25.00 NOTE
r-release-windows-x86_64 0.1.3 7.00 58.00 65.00 NOTE
r-oldrel-macos-arm64 0.1.3 18.00 NOTE
r-oldrel-macos-x86_64 0.1.3 32.00 NOTE
r-oldrel-windows-ix86+x86_64 0.1.3 6.00 44.00 50.00 NOTE

Check Details

Version: 0.1.3
Check: LazyData
Result: NOTE
     'LazyData' is specified without a 'data' directory
Flavors: r-devel-linux-x86_64-debian-clang, r-devel-linux-x86_64-debian-gcc, r-devel-linux-x86_64-fedora-clang, r-devel-linux-x86_64-fedora-gcc, r-devel-windows-x86_64, r-patched-linux-x86_64, r-release-linux-x86_64, r-release-macos-arm64, r-release-macos-x86_64, r-release-windows-x86_64, r-oldrel-macos-arm64, r-oldrel-macos-x86_64, r-oldrel-windows-ix86+x86_64