CRAN Package Check Results for Package reproducer

Last updated on 2019-09-23 19:47:37 CEST.

Flavor Version Tinstall Tcheck Ttotal Status Flags
r-devel-linux-x86_64-debian-clang 0.3.0 7.56 56.29 63.85 OK
r-devel-linux-x86_64-debian-gcc 0.3.0 5.27 42.79 48.06 OK
r-devel-linux-x86_64-fedora-clang 0.3.0 74.00 NOTE
r-devel-linux-x86_64-fedora-gcc 0.3.0 72.91 NOTE
r-devel-windows-ix86+x86_64 0.3.0 31.00 117.00 148.00 OK
r-patched-linux-x86_64 0.3.0 5.79 53.91 59.70 OK
r-patched-solaris-x86 0.3.0 105.80 NOTE
r-release-linux-x86_64 0.3.0 5.90 54.20 60.10 OK
r-release-windows-ix86+x86_64 0.3.0 23.00 117.00 140.00 OK
r-release-osx-x86_64 0.3.0 NOTE
r-oldrel-windows-ix86+x86_64 0.3.0 8.00 68.00 76.00 OK
r-oldrel-osx-x86_64 0.3.0 NOTE

Check Details

Version: 0.3.0
Check: dependencies in R code
Result: NOTE
    Namespace in Imports field not imported from: ‘magrittr’
     All declared Imports should be used.
Flavors: r-devel-linux-x86_64-fedora-clang, r-devel-linux-x86_64-fedora-gcc, r-patched-solaris-x86, r-release-osx-x86_64, r-oldrel-osx-x86_64