CRAN Package Check Results for Package reproj

Last updated on 2021-12-08 21:51:09 CET.

Flavor Version Tinstall Tcheck Ttotal Status Flags
r-devel-linux-x86_64-debian-clang 0.4.2 2.33 32.38 34.71 NOTE
r-devel-linux-x86_64-debian-gcc 0.4.2 1.86 26.03 27.89 NOTE
r-devel-linux-x86_64-fedora-clang 0.4.2 42.41 NOTE
r-devel-linux-x86_64-fedora-gcc 0.4.2 31.75 NOTE
r-devel-windows-x86_64-new-UL 0.4.2 7.00 57.00 64.00 NOTE
r-devel-windows-x86_64-new-TK 0.4.2 NOTE
r-devel-windows-x86_64-old 0.4.2 4.00 32.00 36.00 NOTE
r-patched-linux-x86_64 0.4.2 2.20 30.63 32.83 NOTE
r-release-linux-x86_64 0.4.2 2.30 30.85 33.15 NOTE
r-release-macos-arm64 0.4.2 NOTE
r-release-macos-x86_64 0.4.2 NOTE
r-release-windows-ix86+x86_64 0.4.2 4.00 44.00 48.00 NOTE
r-oldrel-macos-x86_64 0.4.2 OK
r-oldrel-windows-ix86+x86_64 0.4.2 5.00 44.00 49.00 OK

Check Details

Version: 0.4.2
Check: LazyData
Result: NOTE
     'LazyData' is specified without a 'data' directory
Flavors: r-devel-linux-x86_64-debian-clang, r-devel-linux-x86_64-debian-gcc, r-devel-linux-x86_64-fedora-clang, r-devel-linux-x86_64-fedora-gcc, r-devel-windows-x86_64-new-UL, r-devel-windows-x86_64-new-TK, r-devel-windows-x86_64-old, r-patched-linux-x86_64, r-release-linux-x86_64, r-release-macos-arm64, r-release-macos-x86_64, r-release-windows-ix86+x86_64