CRAN Package Check Results for Package repurrrsive

Last updated on 2021-04-16 11:51:26 CEST.

Flavor Version Tinstall Tcheck Ttotal Status Flags
r-devel-linux-x86_64-debian-clang 1.0.0 2.93 42.55 45.48 OK
r-devel-linux-x86_64-debian-gcc 1.0.0 2.82 32.47 35.29 OK
r-devel-linux-x86_64-fedora-clang 1.0.0 64.20 NOTE
r-devel-linux-x86_64-fedora-gcc 1.0.0 53.27 NOTE
r-devel-windows-ix86+x86_64 1.0.0 9.00 51.00 60.00 OK
r-devel-windows-x86_64-gcc10-UCRT 1.0.0 NOTE
r-patched-linux-x86_64 1.0.0 3.84 41.97 45.81 OK
r-patched-solaris-x86 1.0.0 84.90 NOTE
r-release-linux-x86_64 1.0.0 3.82 41.64 45.46 OK
r-release-macos-x86_64 1.0.0 NOTE
r-release-windows-ix86+x86_64 1.0.0 31.00 65.00 96.00 OK
r-oldrel-macos-x86_64 1.0.0 NOTE
r-oldrel-windows-ix86+x86_64 1.0.0 6.00 60.00 66.00 OK

Check Details

Version: 1.0.0
Check: data for non-ASCII characters
Result: NOTE
     Note: found 25 marked UTF-8 strings
Flavors: r-devel-linux-x86_64-fedora-clang, r-devel-linux-x86_64-fedora-gcc, r-devel-windows-x86_64-gcc10-UCRT, r-patched-solaris-x86, r-release-macos-x86_64, r-oldrel-macos-x86_64