Last updated on 2022-06-30 14:53:32 CEST.
Flavor | Version | Tinstall | Tcheck | Ttotal | Status | Flags |
---|---|---|---|---|---|---|
r-devel-linux-x86_64-debian-clang | 2.1.2 | 91.41 | 297.38 | 388.79 | OK | |
r-devel-linux-x86_64-debian-gcc | 2.1.2 | 68.21 | 234.88 | 303.09 | OK | |
r-devel-linux-x86_64-fedora-clang | 2.1.2 | 499.12 | NOTE | |||
r-devel-linux-x86_64-fedora-gcc | 2.1.2 | 483.99 | OK | |||
r-devel-windows-x86_64 | 2.1.2 | 107.00 | 368.00 | 475.00 | OK | |
r-patched-linux-x86_64 | 2.1.2 | 69.01 | 294.13 | 363.14 | OK | |
r-release-linux-x86_64 | 2.1.2 | 69.27 | 291.67 | 360.94 | OK | |
r-release-macos-arm64 | 2.1.2 | 153.00 | NOTE | |||
r-release-macos-x86_64 | 2.1.2 | 205.00 | NOTE | |||
r-release-windows-x86_64 | 2.1.2 | 109.00 | 365.00 | 474.00 | OK | |
r-oldrel-macos-arm64 | 2.1.2 | 141.00 | NOTE | |||
r-oldrel-macos-x86_64 | 2.1.2 | 215.00 | NOTE | |||
r-oldrel-windows-ix86+x86_64 | 2.1.2 | 182.00 | 449.00 | 631.00 | NOTE |
Version: 2.1.2
Check: installed package size
Result: NOTE
installed size is 7.0Mb
sub-directories of 1Mb or more:
doc 1.8Mb
libs 4.6Mb
Flavors: r-devel-linux-x86_64-fedora-clang, r-release-macos-arm64, r-release-macos-x86_64, r-oldrel-macos-arm64, r-oldrel-macos-x86_64, r-oldrel-windows-ix86+x86_64