Last updated on 2023-06-05 23:09:40 CEST.
Flavor | Version | Tinstall | Tcheck | Ttotal | Status | Flags |
---|---|---|---|---|---|---|
r-devel-linux-x86_64-debian-clang | 0.0.1 | 164.13 | 193.87 | 358.00 | NOTE | |
r-devel-linux-x86_64-debian-gcc | 0.0.1 | 135.34 | 144.81 | 280.15 | NOTE | |
r-devel-linux-x86_64-fedora-clang | 0.0.1 | 521.36 | NOTE | |||
r-devel-linux-x86_64-fedora-gcc | 0.0.1 | 502.01 | NOTE | |||
r-devel-windows-x86_64 | 0.0.1 | 125.00 | 205.00 | 330.00 | NOTE | |
r-patched-linux-x86_64 | 0.0.1 | 146.27 | 183.22 | 329.49 | NOTE | |
r-release-linux-x86_64 | 0.0.1 | 126.86 | 184.09 | 310.95 | NOTE | |
r-release-macos-arm64 | 0.0.1 | 144.00 | NOTE | |||
r-release-macos-x86_64 | 0.0.1 | 425.00 | NOTE | |||
r-release-windows-x86_64 | 0.0.1 | 171.00 | 255.00 | 426.00 | NOTE | |
r-oldrel-macos-arm64 | 0.0.1 | 108.00 | NOTE | |||
r-oldrel-macos-x86_64 | 0.0.1 | 274.00 | NOTE | |||
r-oldrel-windows-x86_64 | 0.0.1 | 164.00 | 234.00 | 398.00 | NOTE |
Version: 0.0.1
Check: C++ specification
Result: NOTE
Specified C++11: please drop specification unless essential
Flavors: r-devel-linux-x86_64-debian-clang, r-devel-linux-x86_64-debian-gcc, r-devel-linux-x86_64-fedora-clang, r-devel-linux-x86_64-fedora-gcc, r-devel-windows-x86_64, r-patched-linux-x86_64, r-release-linux-x86_64, r-release-macos-arm64, r-release-macos-x86_64, r-release-windows-x86_64
Version: 0.0.1
Check: for GNU extensions in Makefiles
Result: NOTE
GNU make is a SystemRequirements.
Flavors: r-devel-linux-x86_64-debian-clang, r-devel-linux-x86_64-debian-gcc, r-devel-linux-x86_64-fedora-clang, r-devel-linux-x86_64-fedora-gcc, r-devel-windows-x86_64, r-patched-linux-x86_64, r-release-linux-x86_64, r-release-macos-arm64, r-release-macos-x86_64, r-release-windows-x86_64, r-oldrel-macos-arm64, r-oldrel-macos-x86_64, r-oldrel-windows-x86_64
Version: 0.0.1
Check: installed package size
Result: NOTE
installed size is 17.1Mb
sub-directories of 1Mb or more:
R 2.1Mb
libs 14.6Mb
Flavors: r-release-macos-arm64, r-release-macos-x86_64, r-oldrel-macos-arm64, r-oldrel-macos-x86_64