CRAN Package Check Results for Package reshape

Last updated on 2020-01-27 09:52:17 CET.

Flavor Version Tinstall Tcheck Ttotal Status Flags
r-devel-linux-x86_64-debian-clang 0.8.8 3.81 32.57 36.38 OK
r-devel-linux-x86_64-debian-gcc 0.8.8 3.02 25.61 28.63 OK
r-devel-linux-x86_64-fedora-clang 0.8.8 44.00 OK
r-devel-linux-x86_64-fedora-gcc 0.8.8 42.82 OK
r-devel-windows-ix86+x86_64 0.8.8 12.00 71.00 83.00 OK
r-devel-windows-ix86+x86_64-gcc8 0.8.8 11.00 65.00 76.00 OK
r-patched-linux-x86_64 0.8.8 3.21 29.55 32.76 OK
r-patched-solaris-x86 0.8.8 61.90 OK
r-release-linux-x86_64 0.8.8 3.27 30.53 33.80 OK
r-release-windows-ix86+x86_64 0.8.8 8.00 47.00 55.00 OK
r-release-osx-x86_64 0.8.8 OK
r-oldrel-windows-ix86+x86_64 0.8.8 5.00 72.00 77.00 OK
r-oldrel-osx-x86_64 0.8.8 NOTE

Check Details

Version: 0.8.8
Check: Rd \usage sections
Result: NOTE
    S3 methods shown with full name in documentation object 'all.vars.character':
     ‘all.vars.character’
    
    The \usage entries for S3 methods should use the \method markup and not
    their full name.
    See chapter ‘Writing R documentation files’ in the ‘Writing R
    Extensions’ manual.
Flavor: r-oldrel-osx-x86_64