CRAN Package Check Results for Package reshape2

Last updated on 2020-02-23 10:49:02 CET.

Flavor Version Tinstall Tcheck Ttotal Status Flags
r-devel-linux-x86_64-debian-clang 1.4.3 22.38 32.29 54.67 ERROR
r-devel-linux-x86_64-debian-gcc 1.4.3 12.38 25.52 37.90 OK
r-devel-linux-x86_64-fedora-clang 1.4.3 67.86 OK
r-devel-linux-x86_64-fedora-gcc 1.4.3 64.41 OK
r-devel-windows-ix86+x86_64 1.4.3 36.00 71.00 107.00 OK
r-devel-windows-ix86+x86_64-gcc8 1.4.3 59.00 73.00 132.00 OK
r-patched-linux-x86_64 1.4.3 OK
r-patched-solaris-x86 1.4.3 83.70 OK
r-release-linux-x86_64 1.4.3 17.05 29.39 46.44 OK
r-release-windows-ix86+x86_64 1.4.3 41.00 67.00 108.00 OK
r-release-osx-x86_64 1.4.3 OK
r-oldrel-windows-ix86+x86_64 1.4.3 35.00 65.00 100.00 OK
r-oldrel-osx-x86_64 1.4.3 OK

Check Details

Version: 1.4.3
Check: tests
Result: ERROR
     Running 'testthat.R' [3s/3s]
    Running the tests in 'tests/testthat.R' failed.
    Complete output:
     > library(testthat)
     > library(reshape2)
     >
     > test_check("reshape2")
     -- 1. Failure: labels are correct when missing combinations dropped/kept (@test-
     `x` not equal to `expected`.
     1/1 mismatches
     [1] 4 - 16 == -12
    
     == testthat results ===========================================================
     [ OK: 126 | SKIPPED: 1 | WARNINGS: 0 | FAILED: 1 ]
     1. Failure: labels are correct when missing combinations dropped/kept (@test-cast.r#126)
    
     Error: testthat unit tests failed
     Execution halted
Flavor: r-devel-linux-x86_64-debian-clang