Last updated on 2023-03-24 22:00:01 CET.
Flavor | Version | Tinstall | Tcheck | Ttotal | Status | Flags |
---|---|---|---|---|---|---|
r-devel-linux-x86_64-debian-clang | 0.3-500 | 18.20 | 107.58 | 125.78 | NOTE | |
r-devel-linux-x86_64-debian-gcc | 0.4-500 | 15.62 | 101.34 | 116.96 | OK | |
r-devel-linux-x86_64-fedora-clang | 0.4-500 | 198.42 | OK | |||
r-devel-linux-x86_64-fedora-gcc | 0.4-500 | 192.66 | OK | |||
r-devel-windows-x86_64 | 0.4-500 | 42.00 | 167.00 | 209.00 | OK | |
r-patched-linux-x86_64 | 0.3-500 | 18.05 | 101.00 | 119.05 | OK | |
r-release-linux-x86_64 | 0.3-500 | 17.64 | 101.82 | 119.46 | OK | |
r-release-macos-arm64 | 0.4-500 | 44.00 | OK | |||
r-release-macos-x86_64 | 0.3-500 | 54.00 | OK | |||
r-release-windows-x86_64 | 0.3-500 | 63.00 | 131.00 | 194.00 | OK | |
r-oldrel-macos-arm64 | 0.4-500 | 40.00 | OK | |||
r-oldrel-macos-x86_64 | 0.3-500 | 52.00 | OK | |||
r-oldrel-windows-ix86+x86_64 | 0.3-500 | 27.00 | 132.00 | 159.00 | OK |
Version: 0.3-500
Check: Rd files
Result: NOTE
checkRd: (-1) Burns.Rd:28: Escaped LaTeX specials: \&
Flavor: r-devel-linux-x86_64-debian-clang