CRAN Package Check Results for Package retriever

Last updated on 2024-05-18 02:52:03 CEST.

Flavor Version Tinstall Tcheck Ttotal Status Flags
r-devel-linux-x86_64-debian-clang 0.2.1 2.98 24.66 27.64 OK
r-devel-linux-x86_64-debian-gcc 0.2.1 1.79 18.78 20.57 OK
r-devel-linux-x86_64-fedora-clang 0.2.1 33.78 OK
r-devel-linux-x86_64-fedora-gcc 0.2.1 35.31 OK
r-devel-windows-x86_64 0.2.1 3.00 41.00 44.00 OK
r-patched-linux-x86_64 0.2.1 2.90 24.16 27.06 OK
r-release-linux-x86_64 0.2.1 2.55 23.69 26.24 OK
r-release-macos-arm64 0.2.1 13.00 NOTE
r-release-macos-x86_64 0.2.1 24.00 OK
r-release-windows-x86_64 0.2.1 3.00 42.00 45.00 OK
r-oldrel-macos-arm64 0.2.1 14.00 NOTE
r-oldrel-macos-x86_64 0.2.1 21.00 NOTE
r-oldrel-windows-x86_64 0.2.1 4.00 42.00 46.00 OK

Check Details

Version: 0.2.1
Check: package dependencies
Result: NOTE Package suggested but not available for checking: ‘ccdata’ Flavors: r-release-macos-arm64, r-oldrel-macos-arm64, r-oldrel-macos-x86_64