CRAN Package Check Results for Package retrosheet

Last updated on 2020-12-03 17:50:33 CET.

Flavor Version Tinstall Tcheck Ttotal Status Flags
r-devel-linux-x86_64-debian-clang 1.1.2 3.21 36.41 39.62 OK
r-devel-linux-x86_64-debian-gcc 1.1.2 2.62 34.55 37.17 OK
r-devel-linux-x86_64-fedora-clang 1.1.2 54.49 NOTE
r-devel-linux-x86_64-fedora-gcc 1.1.2 44.95 NOTE
r-devel-windows-ix86+x86_64 1.1.2 7.00 44.00 51.00 OK
r-patched-linux-x86_64 1.1.2 3.00 36.65 39.65 OK
r-patched-solaris-x86 1.1.2 73.60 NOTE
r-release-linux-x86_64 1.1.2 3.43 37.87 41.30 OK
r-release-macos-x86_64 1.1.2 NOTE
r-release-windows-ix86+x86_64 1.1.2 6.00 45.00 51.00 OK
r-oldrel-macos-x86_64 1.1.2 NOTE
r-oldrel-windows-ix86+x86_64 1.1.2 4.00 55.00 59.00 OK

Check Details

Version: 1.1.2
Check: dependencies in R code
Result: NOTE
    Namespaces in Imports field not imported from:
     ‘lubridate’ ‘purrr’ ‘readr’ ‘tibble’
     All declared Imports should be used.
Flavors: r-devel-linux-x86_64-fedora-clang, r-devel-linux-x86_64-fedora-gcc, r-patched-solaris-x86, r-release-macos-x86_64, r-oldrel-macos-x86_64