CRAN Package Check Results for Package reverseR

Last updated on 2020-02-19 22:57:30 CET.

Flavor Version Tinstall Tcheck Ttotal Status Flags
r-devel-linux-x86_64-debian-clang 0.1 4.97 53.68 58.65 OK
r-devel-linux-x86_64-debian-gcc 0.1 3.99 40.69 44.68 OK
r-devel-linux-x86_64-fedora-clang 0.1 68.39 NOTE
r-devel-linux-x86_64-fedora-gcc 0.1 66.32 NOTE
r-devel-windows-ix86+x86_64 0.1 11.00 65.00 76.00 OK
r-devel-windows-ix86+x86_64-gcc8 0.1 18.00 64.00 82.00 OK
r-patched-linux-x86_64 0.1 4.08 47.32 51.40 OK
r-patched-solaris-x86 0.1 94.00 NOTE
r-release-linux-x86_64 0.1 4.01 47.24 51.25 OK
r-release-windows-ix86+x86_64 0.1 9.00 64.00 73.00 OK
r-release-osx-x86_64 0.1 NOTE
r-oldrel-windows-ix86+x86_64 0.1 5.00 67.00 72.00 OK
r-oldrel-osx-x86_64 0.1 NOTE

Check Details

Version: 0.1
Check: dependencies in R code
Result: NOTE
    Namespace in Imports field not imported from: ‘DT’
     All declared Imports should be used.
Flavors: r-devel-linux-x86_64-fedora-clang, r-devel-linux-x86_64-fedora-gcc, r-patched-solaris-x86, r-release-osx-x86_64, r-oldrel-osx-x86_64