CRAN Package Check Results for Package reverseR

Last updated on 2019-09-23 06:50:20 CEST.

Flavor Version Tinstall Tcheck Ttotal Status Flags
r-devel-linux-x86_64-debian-clang 0.1 4.24 46.97 51.21 OK
r-devel-linux-x86_64-debian-gcc 0.1 3.08 36.88 39.96 OK
r-devel-linux-x86_64-fedora-clang 0.1 60.25 NOTE
r-devel-linux-x86_64-fedora-gcc 0.1 59.56 NOTE
r-devel-windows-ix86+x86_64 0.1 20.00 88.00 108.00 OK
r-patched-linux-x86_64 0.1 3.91 46.08 49.99 OK
r-patched-solaris-x86 0.1 87.70 NOTE
r-release-linux-x86_64 0.1 2.99 46.24 49.23 OK
r-release-windows-ix86+x86_64 0.1 14.00 85.00 99.00 OK
r-release-osx-x86_64 0.1 NOTE
r-oldrel-windows-ix86+x86_64 0.1 4.00 70.00 74.00 OK
r-oldrel-osx-x86_64 0.1 NOTE

Check Details

Version: 0.1
Check: dependencies in R code
Result: NOTE
    Namespace in Imports field not imported from: ‘DT’
     All declared Imports should be used.
Flavors: r-devel-linux-x86_64-fedora-clang, r-devel-linux-x86_64-fedora-gcc, r-patched-solaris-x86, r-release-osx-x86_64, r-oldrel-osx-x86_64