CRAN Package Check Results for Package rewie

Last updated on 2022-05-26 21:50:15 CEST.

Flavor Version Tinstall Tcheck Ttotal Status Flags
r-devel-linux-x86_64-debian-clang 0.1.0 2.50 38.90 41.40 NOTE
r-devel-linux-x86_64-debian-gcc 0.1.0 2.01 34.00 36.01 NOTE
r-devel-linux-x86_64-fedora-clang 0.1.0 52.27 NOTE
r-devel-linux-x86_64-fedora-gcc 0.1.0 38.55 NOTE
r-devel-windows-x86_64 0.1.0 8.00 61.00 69.00 NOTE
r-patched-linux-x86_64 0.1.0 1.92 38.27 40.19 NOTE
r-release-linux-x86_64 0.1.0 1.85 37.47 39.32 NOTE
r-release-macos-arm64 0.1.0 18.00 NOTE
r-release-macos-x86_64 0.1.0 30.00 NOTE
r-release-windows-x86_64 0.1.0 8.00 57.00 65.00 NOTE
r-oldrel-macos-arm64 0.1.0 21.00 NOTE
r-oldrel-macos-x86_64 0.1.0 34.00 NOTE
r-oldrel-windows-ix86+x86_64 0.1.0 7.00 49.00 56.00 NOTE

Check Details

Version: 0.1.0
Check: LazyData
Result: NOTE
     'LazyData' is specified without a 'data' directory
Flavors: r-devel-linux-x86_64-debian-clang, r-devel-linux-x86_64-debian-gcc, r-devel-linux-x86_64-fedora-clang, r-devel-linux-x86_64-fedora-gcc, r-devel-windows-x86_64, r-patched-linux-x86_64, r-release-linux-x86_64, r-release-macos-arm64, r-release-macos-x86_64, r-release-windows-x86_64, r-oldrel-macos-arm64, r-oldrel-macos-x86_64, r-oldrel-windows-ix86+x86_64

Version: 0.1.0
Check: dependencies in R code
Result: NOTE
    Namespace in Imports field not imported from: ‘MASS’
     All declared Imports should be used.
Flavors: r-devel-linux-x86_64-fedora-clang, r-devel-linux-x86_64-fedora-gcc, r-release-macos-arm64, r-release-macos-x86_64, r-oldrel-macos-arm64, r-oldrel-macos-x86_64

Version: 0.1.0
Check: Rd cross-references
Result: NOTE
    Undeclared package ‘btergm’ in Rd xrefs
Flavor: r-devel-linux-x86_64-fedora-clang