CRAN Package Check Results for Package rfVarImpOOB

Last updated on 2023-09-30 13:51:56 CEST.

Flavor Version Tinstall Tcheck Ttotal Status Flags
r-devel-linux-x86_64-debian-clang 1.0.3 13.62 157.70 171.32 OK
r-devel-linux-x86_64-debian-gcc 1.0.3 9.78 112.89 122.67 OK
r-devel-linux-x86_64-fedora-clang 1.0.3 208.43 NOTE
r-devel-linux-x86_64-fedora-gcc 1.0.3 211.47 NOTE
r-devel-windows-x86_64 1.0.3 13.00 132.00 145.00 OK
r-patched-linux-x86_64 1.0.3 9.93 145.91 155.84 OK
r-release-linux-x86_64 1.0.3 11.18 149.23 160.41 OK
r-release-macos-arm64 1.0.3 64.00 OK
r-release-macos-x86_64 1.0.3 104.00 OK
r-release-windows-x86_64 1.0.3 17.00 157.00 174.00 OK
r-oldrel-macos-arm64 1.0.3 48.00 NOTE
r-oldrel-macos-x86_64 1.0.3 77.00 NOTE
r-oldrel-windows-x86_64 1.0.3 17.00 156.00 173.00 OK

Check Details

Version: 1.0.3
Check: dependencies in R code
Result: NOTE
    Namespace in Imports field not imported from: ‘titanic’
     All declared Imports should be used.
Flavors: r-devel-linux-x86_64-fedora-clang, r-devel-linux-x86_64-fedora-gcc, r-oldrel-macos-arm64, r-oldrel-macos-x86_64