CRAN Package Check Results for Package rfVarImpOOB

Last updated on 2020-01-23 04:47:50 CET.

Flavor Version Tinstall Tcheck Ttotal Status Flags
r-devel-linux-x86_64-debian-clang 1.0 5.51 98.90 104.41 NOTE
r-devel-linux-x86_64-debian-gcc 1.0 4.48 71.40 75.88 NOTE
r-devel-linux-x86_64-fedora-clang 1.0 116.49 NOTE
r-devel-linux-x86_64-fedora-gcc 1.0 113.64 NOTE
r-devel-windows-ix86+x86_64 1.0 20.00 152.00 172.00 NOTE
r-devel-windows-ix86+x86_64-gcc8 1.0 22.00 118.00 140.00 NOTE
r-patched-linux-x86_64 1.0 3.86 86.01 89.87 OK
r-patched-solaris-x86 1.0 146.40 NOTE
r-release-linux-x86_64 1.0 4.29 88.75 93.04 OK
r-release-windows-ix86+x86_64 1.0 11.00 119.00 130.00 OK
r-release-osx-x86_64 1.0 NOTE
r-oldrel-windows-ix86+x86_64 1.0 6.00 100.00 106.00 OK
r-oldrel-osx-x86_64 1.0 NOTE

Check Details

Version: 1.0
Check: package vignettes
Result: NOTE
    Package vignette with placeholder title 'Vignette Title':
     'rfVarImpOOB-vignette.Rmd'
Flavors: r-devel-linux-x86_64-debian-clang, r-devel-linux-x86_64-debian-gcc, r-devel-windows-ix86+x86_64, r-devel-windows-ix86+x86_64-gcc8

Version: 1.0
Check: dependencies in R code
Result: NOTE
    Namespaces in Imports field not imported from:
     ‘prob’ ‘titanic’
     All declared Imports should be used.
Flavors: r-devel-linux-x86_64-fedora-clang, r-devel-linux-x86_64-fedora-gcc, r-patched-solaris-x86, r-release-osx-x86_64, r-oldrel-osx-x86_64