CRAN Package Check Results for Package rfVarImpOOB

Last updated on 2019-09-15 05:46:24 CEST.

Flavor Version Tinstall Tcheck Ttotal Status Flags
r-devel-linux-x86_64-debian-clang 1.0 4.56 87.14 91.70 NOTE
r-devel-linux-x86_64-debian-gcc 1.0 4.27 67.82 72.09 NOTE
r-devel-linux-x86_64-fedora-clang 1.0 107.79 NOTE
r-devel-linux-x86_64-fedora-gcc 1.0 112.76 NOTE
r-devel-windows-ix86+x86_64 1.0 22.00 94.00 116.00 NOTE
r-patched-linux-x86_64 1.0 4.18 84.64 88.82 OK
r-patched-solaris-x86 1.0 137.00 NOTE
r-release-linux-x86_64 1.0 4.60 86.94 91.54 OK
r-release-windows-ix86+x86_64 1.0 12.00 136.00 148.00 OK
r-release-osx-x86_64 1.0 NOTE
r-oldrel-windows-ix86+x86_64 1.0 9.00 103.00 112.00 OK
r-oldrel-osx-x86_64 1.0 NOTE

Check Details

Version: 1.0
Check: package vignettes
Result: NOTE
    Package vignette with placeholder title 'Vignette Title':
     'rfVarImpOOB-vignette.Rmd'
Flavors: r-devel-linux-x86_64-debian-clang, r-devel-linux-x86_64-debian-gcc, r-devel-windows-ix86+x86_64

Version: 1.0
Check: dependencies in R code
Result: NOTE
    Namespaces in Imports field not imported from:
     ‘prob’ ‘titanic’
     All declared Imports should be used.
Flavors: r-devel-linux-x86_64-fedora-clang, r-devel-linux-x86_64-fedora-gcc, r-patched-solaris-x86, r-release-osx-x86_64, r-oldrel-osx-x86_64