Last updated on 2023-03-24 22:00:01 CET.
Flavor | Version | Tinstall | Tcheck | Ttotal | Status | Flags |
---|---|---|---|---|---|---|
r-devel-linux-x86_64-debian-clang | 0.2.0 | 6.15 | 48.35 | 54.50 | NOTE | |
r-devel-linux-x86_64-debian-gcc | 0.2.0 | 4.77 | 36.67 | 41.44 | NOTE | |
r-devel-linux-x86_64-fedora-clang | 0.2.0 | 69.14 | NOTE | |||
r-devel-linux-x86_64-fedora-gcc | 0.2.0 | 62.72 | NOTE | |||
r-patched-linux-x86_64 | 0.2.0 | 3.71 | 47.80 | 51.51 | OK | |
r-release-linux-x86_64 | 0.2.0 | 3.61 | 47.06 | 50.67 | OK | |
r-release-macos-arm64 | 0.2.0 | 22.00 | NOTE | |||
r-release-macos-x86_64 | 0.2.0 | 43.00 | NOTE | |||
r-release-windows-x86_64 | 0.2.0 | 22.00 | 79.00 | 101.00 | OK | |
r-oldrel-macos-arm64 | 0.2.0 | 26.00 | NOTE | |||
r-oldrel-macos-x86_64 | 0.2.0 | 33.00 | NOTE | |||
r-oldrel-windows-ix86+x86_64 | 0.2.0 | 13.00 | 76.00 | 89.00 | OK |
Version: 0.2.0
Check: package subdirectories
Result: NOTE
Problems with news in ‘NEWS.md’:
No news entries found.
Flavors: r-devel-linux-x86_64-debian-clang, r-devel-linux-x86_64-debian-gcc, r-devel-linux-x86_64-fedora-clang, r-devel-linux-x86_64-fedora-gcc
Version: 0.2.0
Check: dependencies in R code
Result: NOTE
Namespace in Imports field not imported from: ‘sf’
All declared Imports should be used.
Flavors: r-devel-linux-x86_64-fedora-clang, r-devel-linux-x86_64-fedora-gcc, r-release-macos-arm64, r-release-macos-x86_64, r-oldrel-macos-arm64, r-oldrel-macos-x86_64