CRAN Package Check Results for Package rfishnet2

Last updated on 2024-07-18 11:53:07 CEST.

Flavor Version Tinstall Tcheck Ttotal Status Flags
r-devel-linux-x86_64-debian-clang 0.2.0 5.72 70.25 75.97 NOTE
r-devel-linux-x86_64-debian-gcc 0.2.0 3.56 52.17 55.73 NOTE
r-devel-linux-x86_64-fedora-clang 0.2.0 92.97 NOTE
r-devel-linux-x86_64-fedora-gcc 0.2.0 86.46 NOTE
r-devel-windows-x86_64 0.2.0 7.00 68.00 75.00 NOTE
r-patched-linux-x86_64 0.2.0 6.04 66.08 72.12 NOTE
r-release-linux-x86_64 0.2.0 4.66 68.61 73.27 NOTE
r-release-macos-arm64 0.2.0 28.00 NOTE
r-release-macos-x86_64 0.2.0 45.00 NOTE
r-release-windows-x86_64 0.2.0 8.00 70.00 78.00 NOTE
r-oldrel-macos-arm64 0.2.0 25.00 NOTE
r-oldrel-macos-x86_64 0.2.0 36.00 NOTE
r-oldrel-windows-x86_64 0.2.0 8.00 82.00 90.00 NOTE

Check Details

Version: 0.2.0
Check: package subdirectories
Result: NOTE Problems with news in ‘NEWS.md’: No news entries found. Flavors: r-devel-linux-x86_64-debian-clang, r-devel-linux-x86_64-debian-gcc, r-devel-linux-x86_64-fedora-clang, r-devel-linux-x86_64-fedora-gcc, r-devel-windows-x86_64, r-patched-linux-x86_64, r-release-linux-x86_64, r-release-macos-arm64, r-release-macos-x86_64, r-release-windows-x86_64, r-oldrel-macos-arm64, r-oldrel-macos-x86_64, r-oldrel-windows-x86_64

Version: 0.2.0
Check: dependencies in R code
Result: NOTE Namespace in Imports field not imported from: ‘sf’ All declared Imports should be used. Flavors: r-devel-linux-x86_64-fedora-clang, r-devel-linux-x86_64-fedora-gcc