CRAN Package Check Results for Package rflexscan

Last updated on 2022-01-25 22:57:07 CET.

Flavor Version Tinstall Tcheck Ttotal Status Flags
r-devel-linux-x86_64-debian-clang 1.0.0 20.82 61.38 82.20 OK
r-devel-linux-x86_64-debian-gcc 1.0.0 16.75 47.57 64.32 OK
r-devel-linux-x86_64-fedora-clang 1.0.0 108.38 NOTE
r-devel-linux-x86_64-fedora-gcc 1.0.0 94.56 NOTE
r-devel-windows-x86_64-new-UL 1.0.0 53.00 108.00 161.00 OK
r-devel-windows-x86_64-new-TK 1.0.0 NOTE
r-patched-linux-x86_64 1.0.0 20.17 56.35 76.52 OK
r-release-linux-x86_64 1.0.0 20.98 56.54 77.52 OK
r-release-macos-arm64 1.0.0 NOTE
r-release-macos-x86_64 1.0.0 NOTE
r-release-windows-ix86+x86_64 1.0.0 55.00 110.00 165.00 OK
r-oldrel-macos-x86_64 1.0.0 NOTE
r-oldrel-windows-ix86+x86_64 1.0.0 55.00 109.00 164.00 OK

Check Details

Version: 1.0.0
Check: dependencies in R code
Result: NOTE
    Namespace in Imports field not imported from: ‘rgdal’
     All declared Imports should be used.
Flavors: r-devel-linux-x86_64-fedora-clang, r-devel-linux-x86_64-fedora-gcc, r-devel-windows-x86_64-new-TK, r-release-macos-arm64, r-release-macos-x86_64, r-oldrel-macos-x86_64