CRAN Package Check Results for Package rgee

Last updated on 2022-10-05 21:53:45 CEST.

Flavor Version Tinstall Tcheck Ttotal Status Flags
r-devel-linux-x86_64-debian-clang 1.1.5 30.24 150.38 180.62 OK
r-devel-linux-x86_64-debian-gcc 1.1.5 22.25 110.76 133.01 OK
r-devel-linux-x86_64-fedora-clang 1.1.5 240.90 NOTE
r-devel-linux-x86_64-fedora-gcc 1.1.5 225.08 NOTE
r-devel-windows-x86_64 1.1.5 61.00 211.00 272.00 NOTE
r-patched-linux-x86_64 1.1.5 27.59 137.49 165.08 OK
r-release-linux-x86_64 1.1.5 23.72 138.71 162.43 OK
r-release-macos-arm64 1.1.5 64.00 NOTE
r-release-macos-x86_64 1.1.5 87.00 NOTE
r-release-windows-x86_64 1.1.5 67.00 194.00 261.00 NOTE
r-oldrel-macos-arm64 1.1.5 60.00 NOTE
r-oldrel-macos-x86_64 1.1.5 92.00 NOTE
r-oldrel-windows-ix86+x86_64 1.1.5 46.00 187.00 233.00 NOTE

Check Details

Version: 1.1.5
Check: installed package size
Result: NOTE
     installed size is 8.1Mb
     sub-directories of 1Mb or more:
     doc 6.7Mb
Flavors: r-devel-linux-x86_64-fedora-clang, r-devel-windows-x86_64, r-release-macos-arm64, r-release-macos-x86_64, r-release-windows-x86_64, r-oldrel-macos-arm64, r-oldrel-macos-x86_64, r-oldrel-windows-ix86+x86_64

Version: 1.1.5
Check: dependencies in R code
Result: NOTE
    Namespace in Imports field not imported from: ‘R6’
     All declared Imports should be used.
Flavors: r-devel-linux-x86_64-fedora-clang, r-devel-linux-x86_64-fedora-gcc, r-release-macos-arm64, r-release-macos-x86_64, r-oldrel-macos-arm64, r-oldrel-macos-x86_64