CRAN Package Check Results for Package rgenius

Last updated on 2024-04-24 12:56:44 CEST.

Flavor Version Tinstall Tcheck Ttotal Status Flags
r-devel-linux-x86_64-debian-clang 0.1.0 3.84 49.52 53.36 NOTE
r-devel-linux-x86_64-debian-gcc 0.1.0 2.99 37.62 40.61 NOTE
r-devel-linux-x86_64-fedora-clang 0.1.0 71.50 NOTE
r-devel-linux-x86_64-fedora-gcc 0.1.0 65.03 NOTE
r-devel-windows-x86_64 0.1.0 7.00 57.00 64.00 NOTE
r-patched-linux-x86_64 0.1.0 5.47 47.22 52.69 NOTE
r-release-linux-x86_64 0.1.0 5.52 47.23 52.75 NOTE
r-release-macos-arm64 0.1.0 20.00 NOTE
r-release-windows-x86_64 0.1.0 7.00 57.00 64.00 NOTE
r-oldrel-macos-arm64 0.1.0 22.00 NOTE
r-oldrel-macos-x86_64 0.1.0 30.00 NOTE
r-oldrel-windows-x86_64 0.1.0 9.00 66.00 75.00 NOTE

Check Details

Version: 0.1.0
Check: LazyData
Result: NOTE 'LazyData' is specified without a 'data' directory Flavors: r-devel-linux-x86_64-debian-clang, r-devel-linux-x86_64-debian-gcc, r-devel-linux-x86_64-fedora-clang, r-devel-linux-x86_64-fedora-gcc, r-devel-windows-x86_64, r-patched-linux-x86_64, r-release-linux-x86_64, r-release-macos-arm64, r-release-windows-x86_64, r-oldrel-macos-arm64, r-oldrel-macos-x86_64, r-oldrel-windows-x86_64