CRAN Package Check Results for Package rgenoud

Last updated on 2019-09-23 11:48:29 CEST.

Flavor Version Tinstall Tcheck Ttotal Status Flags
r-devel-linux-x86_64-debian-clang 5.8-3.0 12.42 43.42 55.84 NOTE
r-devel-linux-x86_64-debian-gcc 5.8-3.0 7.40 44.95 52.35 NOTE
r-devel-linux-x86_64-fedora-clang 5.8-3.0 75.48 NOTE
r-devel-linux-x86_64-fedora-gcc 5.8-3.0 75.89 NOTE
r-devel-windows-ix86+x86_64 5.8-3.0 31.00 159.00 190.00 NOTE
r-patched-linux-x86_64 5.8-3.0 8.44 50.27 58.71 NOTE
r-patched-solaris-x86 5.8-3.0 97.10 NOTE
r-release-linux-x86_64 5.8-3.0 9.15 50.94 60.09 NOTE
r-release-windows-ix86+x86_64 5.8-3.0 58.00 344.00 402.00 NOTE
r-release-osx-x86_64 5.8-3.0 NOTE
r-oldrel-windows-ix86+x86_64 5.8-3.0 27.00 113.00 140.00 NOTE
r-oldrel-osx-x86_64 5.8-3.0 NOTE

Additional issues

clang-UBSAN gcc-UBSAN

Check Details

Version: 5.8-3.0
Check: R code for possible problems
Result: NOTE
    genoud: multiple local function definitions for 'fn1.bfgs' with
     different formal arguments
    genoud: multiple local function definitions for 'gr1' with different
     formal arguments
    genoud: multiple local function definitions for 'hess.fn' with
     different formal arguments
    genoud_transform: multiple local function definitions for 'fn1.bfgs'
     with different formal arguments
    genoud_transform: multiple local function definitions for 'gr1' with
     different formal arguments
Flavors: r-devel-linux-x86_64-debian-clang, r-devel-linux-x86_64-debian-gcc, r-devel-linux-x86_64-fedora-clang, r-devel-linux-x86_64-fedora-gcc, r-devel-windows-ix86+x86_64, r-patched-linux-x86_64, r-patched-solaris-x86, r-release-linux-x86_64, r-release-windows-ix86+x86_64, r-release-osx-x86_64, r-oldrel-windows-ix86+x86_64, r-oldrel-osx-x86_64