CRAN Package Check Results for Package rgeolocate

Last updated on 2021-12-04 10:52:42 CET.

Flavor Version Tinstall Tcheck Ttotal Status Flags
r-devel-linux-x86_64-debian-clang 1.4.1 45.71 41.02 86.73 OK
r-devel-linux-x86_64-debian-gcc 1.4.1 31.72 32.60 64.32 OK
r-devel-linux-x86_64-fedora-clang 1.4.1 126.75 NOTE
r-devel-linux-x86_64-fedora-gcc 1.4.1 104.99 OK
r-devel-windows-x86_64-new-UL 1.4.1 75.00 98.00 173.00 NOTE
r-devel-windows-x86_64-new-TK 1.4.1 OK
r-devel-windows-x86_64-old 1.4.1 72.00 51.00 123.00 NOTE
r-patched-linux-x86_64 1.4.1 40.69 31.13 71.82 OK
r-release-linux-x86_64 1.4.1 38.95 31.42 70.37 OK
r-release-macos-arm64 1.4.1 NOTE
r-release-macos-x86_64 1.4.1 NOTE
r-release-windows-ix86+x86_64 1.4.1 133.00 77.00 210.00 NOTE
r-oldrel-macos-x86_64 1.4.1 NOTE
r-oldrel-windows-ix86+x86_64 1.4.1 134.00 75.00 209.00 NOTE

Check Details

Version: 1.4.1
Check: installed package size
Result: NOTE
     installed size is 6.1Mb
     sub-directories of 1Mb or more:
     extdata 4.4Mb
     libs 1.6Mb
Flavors: r-devel-linux-x86_64-fedora-clang, r-devel-windows-x86_64-new-UL, r-devel-windows-x86_64-old, r-release-macos-arm64, r-release-macos-x86_64, r-release-windows-ix86+x86_64, r-oldrel-macos-x86_64, r-oldrel-windows-ix86+x86_64