CRAN Package Check Results for Package rgl

Last updated on 2020-12-05 15:49:12 CET.

Flavor Version Tinstall Tcheck Ttotal Status Flags
r-devel-linux-x86_64-debian-clang 0.103.5 67.46 178.92 246.38 OK
r-devel-linux-x86_64-debian-gcc 0.103.5 42.68 143.80 186.48 OK
r-devel-linux-x86_64-fedora-clang 0.103.5 331.68 NOTE
r-devel-linux-x86_64-fedora-gcc 0.103.5 295.91 NOTE
r-devel-windows-ix86+x86_64 0.103.5 329.00 284.00 613.00 NOTE
r-patched-linux-x86_64 0.103.5 55.35 170.94 226.29 OK
r-patched-solaris-x86 0.103.5 326.00 NOTE
r-release-linux-x86_64 0.103.5 55.28 172.59 227.87 OK
r-release-macos-x86_64 0.103.5 WARN
r-release-windows-ix86+x86_64 0.103.5 253.00 277.00 530.00 NOTE
r-oldrel-macos-x86_64 0.103.5 ERROR
r-oldrel-windows-ix86+x86_64 0.100.54 196.00 202.00 398.00 NOTE

Check Details

Version: 0.103.5
Check: installed package size
Result: NOTE
     installed size is 9.4Mb
     sub-directories of 1Mb or more:
     doc 3.0Mb
     fonts 1.5Mb
     libs 2.7Mb
Flavors: r-devel-linux-x86_64-fedora-clang, r-devel-windows-ix86+x86_64, r-patched-solaris-x86, r-release-macos-x86_64, r-release-windows-ix86+x86_64

Version: 0.103.5
Check: dependencies in R code
Result: NOTE
    Namespace in Imports field not imported from: ‘mathjaxr’
     All declared Imports should be used.
Flavors: r-devel-linux-x86_64-fedora-clang, r-devel-linux-x86_64-fedora-gcc, r-patched-solaris-x86, r-release-macos-x86_64

Version: 0.103.5
Check: re-building of vignette outputs
Result: WARN
    Error(s) in re-building vignettes:
     ...
    sh: line 1: 79517 Abort trap: 6 '/Library/Frameworks/R.framework/Resources/bin/R' --vanilla --no-echo > '/Volumes/Temp/tmp/RtmpHHIrpi/file136953bcf33c1' 2>&1 < '/Volumes/Temp/tmp/RtmpHHIrpi/file13695204ee294'
    --- re-building ‘WebGL.Rmd’ using rmarkdown
    Warning in engine$weave(file, quiet = quiet, encoding = enc) :
     Pandoc (>= 1.12.3) and/or pandoc-citeproc not available. Falling back to R Markdown v1.
    sh: line 1: 79527 Abort trap: 6 '/Library/Frameworks/R.framework/Resources/bin/R' --vanilla --no-echo > '/Volumes/Temp/tmp/RtmpHHIrpi/file136957590c469' 2>&1 < '/Volumes/Temp/tmp/RtmpHHIrpi/file13695734f05cb'
    --- re-building ‘rgl.Rmd’ using rmarkdown
    Warning in engine$weave(file, quiet = quiet, encoding = enc) :
     Pandoc (>= 1.12.3) and/or pandoc-citeproc not available. Falling back to R Markdown v1.
    SUMMARY: processing the following files failed:
     ‘WebGL.Rmd’ ‘rgl.Rmd’
    
    Error: Vignette re-building failed.
    Execution halted
Flavor: r-release-macos-x86_64

Version: 0.103.5
Check: whether package can be installed
Result: ERROR
    Installation failed.
Flavor: r-oldrel-macos-x86_64

Version: 0.100.54
Check: installed package size
Result: NOTE
     installed size is 9.1Mb
     sub-directories of 1Mb or more:
     doc 3.6Mb
     fonts 1.5Mb
     libs 2.1Mb
Flavor: r-oldrel-windows-ix86+x86_64