Last updated on 2021-04-16 11:51:26 CEST.
Flavor | Version | Tinstall | Tcheck | Ttotal | Status | Flags |
---|---|---|---|---|---|---|
r-devel-linux-x86_64-debian-clang | 0.3.0 | 3.19 | 40.24 | 43.43 | OK | |
r-devel-linux-x86_64-debian-gcc | 0.3.0 | 2.57 | 52.81 | 55.38 | OK | |
r-devel-linux-x86_64-fedora-clang | 0.3.0 | 62.07 | NOTE | |||
r-devel-linux-x86_64-fedora-gcc | 0.3.0 | 50.43 | NOTE | |||
r-devel-windows-ix86+x86_64 | 0.3.0 | 7.00 | 80.00 | 87.00 | OK | |
r-devel-windows-x86_64-gcc10-UCRT | 0.3.0 | NOTE | ||||
r-patched-linux-x86_64 | 0.3.0 | 2.97 | 38.39 | 41.36 | OK | |
r-patched-solaris-x86 | 0.3.0 | 71.40 | NOTE | |||
r-release-linux-x86_64 | 0.3.0 | 3.57 | 38.99 | 42.56 | OK | |
r-release-macos-x86_64 | 0.3.0 | NOTE | ||||
r-release-windows-ix86+x86_64 | 0.3.0 | 8.00 | 113.00 | 121.00 | OK | |
r-oldrel-macos-x86_64 | 0.3.0 | NOTE | ||||
r-oldrel-windows-ix86+x86_64 | 0.3.0 | 5.00 | 84.00 | 89.00 | OK |
Version: 0.3.0
Check: data for non-ASCII characters
Result: NOTE
Note: found 1473 marked UTF-8 strings
Flavors: r-devel-linux-x86_64-fedora-clang, r-devel-linux-x86_64-fedora-gcc, r-patched-solaris-x86, r-release-macos-x86_64, r-oldrel-macos-x86_64
Version: 0.3.0
Check: data for non-ASCII characters
Result: NOTE
Note: found 22 marked Latin-1 strings
Note: found 1265 marked UTF-8 strings
Flavor: r-devel-windows-x86_64-gcc10-UCRT