CRAN Package Check Results for Package rhandsontable

Last updated on 2020-01-17 13:47:36 CET.

Flavor Version Tinstall Tcheck Ttotal Status Flags
r-devel-linux-x86_64-debian-clang 0.3.7 4.47 55.43 59.90 OK
r-devel-linux-x86_64-debian-gcc 0.3.7 3.70 42.38 46.08 OK
r-devel-linux-x86_64-fedora-clang 0.3.7 72.46 NOTE
r-devel-linux-x86_64-fedora-gcc 0.3.7 69.61 OK
r-devel-windows-ix86+x86_64 0.3.7 22.00 107.00 129.00 NOTE
r-devel-windows-ix86+x86_64-gcc8 0.3.7 20.00 98.00 118.00 NOTE
r-patched-linux-x86_64 0.3.7 3.44 50.41 53.85 OK
r-patched-solaris-x86 0.3.7 67.10 WARN
r-release-linux-x86_64 0.3.7 3.77 50.59 54.36 OK
r-release-windows-ix86+x86_64 0.3.7 19.00 75.00 94.00 NOTE
r-release-osx-x86_64 0.3.7 WARN
r-oldrel-windows-ix86+x86_64 0.3.7 13.00 75.00 88.00 NOTE
r-oldrel-osx-x86_64 0.3.7 WARN

Check Details

Version: 0.3.7
Check: installed package size
Result: NOTE
     installed size is 11.5Mb
     sub-directories of 1Mb or more:
     doc 10.2Mb
     htmlwidgets 1.2Mb
Flavors: r-devel-linux-x86_64-fedora-clang, r-devel-windows-ix86+x86_64, r-devel-windows-ix86+x86_64-gcc8, r-patched-solaris-x86, r-release-windows-ix86+x86_64, r-release-osx-x86_64, r-oldrel-windows-ix86+x86_64, r-oldrel-osx-x86_64

Version: 0.3.7
Check: re-building of vignette outputs
Result: WARN
    Error(s) in re-building vignettes:
     ...
    --- re-building ‘intro_rhandsontable.Rmd’ using rmarkdown
    Warning in engine$weave(file, quiet = quiet, encoding = enc) :
     Pandoc (>= 1.12.3) and/or pandoc-citeproc not available. Falling back to R Markdown v1.
    Quitting from lines 34-47 (intro_rhandsontable.Rmd)
    Error: processing vignette 'intro_rhandsontable.Rmd' failed with diagnostics:
    there is no package called 'webshot'
    --- failed re-building ‘intro_rhandsontable.Rmd’
    
    SUMMARY: processing the following file failed:
     ‘intro_rhandsontable.Rmd’
    
    Error: Vignette re-building failed.
    Execution halted
Flavor: r-patched-solaris-x86

Version: 0.3.7
Check: re-building of vignette outputs
Result: WARN
    Error(s) in re-building vignettes:
     ...
    --- re-building ‘intro_rhandsontable.Rmd’ using rmarkdown
    Warning in engine$weave(file, quiet = quiet, encoding = enc) :
     Pandoc (>= 1.12.3) and/or pandoc-citeproc not available. Falling back to R Markdown v1.
    Quitting from lines 34-47 (intro_rhandsontable.Rmd)
    Error: processing vignette 'intro_rhandsontable.Rmd' failed with diagnostics:
    cannot open the connection
    --- failed re-building ‘intro_rhandsontable.Rmd’
    
    SUMMARY: processing the following file failed:
     ‘intro_rhandsontable.Rmd’
    
    Error: Vignette re-building failed.
    Execution halted
Flavor: r-release-osx-x86_64

Version: 0.3.7
Check: re-building of vignette outputs
Result: WARN
    Error in re-building vignettes:
     ...
    Warning in engine$weave(file, quiet = quiet, encoding = enc) :
     Pandoc (>= 1.12.3) and/or pandoc-citeproc not available. Falling back to R Markdown v1.
    Quitting from lines 34-47 (intro_rhandsontable.Rmd)
    Error: processing vignette 'intro_rhandsontable.Rmd' failed with diagnostics:
    cannot open the connection
    Execution halted
Flavor: r-oldrel-osx-x86_64