Last updated on 2023-06-05 23:09:40 CEST.
Flavor | Version | Tinstall | Tcheck | Ttotal | Status | Flags |
---|---|---|---|---|---|---|
r-devel-linux-x86_64-debian-clang | 0.5.5 | 18.64 | 193.69 | 212.33 | NOTE | |
r-devel-linux-x86_64-debian-gcc | 0.5.5 | 14.20 | 146.07 | 160.27 | NOTE | |
r-devel-linux-x86_64-fedora-clang | 0.5.5 | 271.31 | NOTE | |||
r-devel-linux-x86_64-fedora-gcc | 0.5.5 | 262.15 | NOTE | |||
r-devel-windows-x86_64 | 0.5.5 | 18.00 | 180.00 | 198.00 | NOTE | |
r-patched-linux-x86_64 | 0.5.5 | 21.87 | 181.75 | 203.62 | NOTE | |
r-release-linux-x86_64 | 0.5.5 | 11.08 | 183.05 | 194.13 | NOTE | |
r-release-macos-arm64 | 0.5.5 | 83.00 | NOTE | |||
r-release-macos-x86_64 | 0.5.5 | 168.00 | NOTE | |||
r-release-windows-x86_64 | 0.5.5 | 23.00 | 198.00 | 221.00 | NOTE | |
r-oldrel-macos-arm64 | 0.5.5 | 69.00 | NOTE | |||
r-oldrel-macos-x86_64 | 0.5.5 | 93.00 | NOTE | |||
r-oldrel-windows-x86_64 | 0.5.5 | 23.00 | 197.00 | 220.00 | NOTE |
Version: 0.5.5
Check: package dependencies
Result: NOTE
Packages suggested but not available for checking:
'mimic.demo', 'eicu.demo'
Flavors: r-devel-linux-x86_64-debian-clang, r-devel-linux-x86_64-debian-gcc, r-devel-linux-x86_64-fedora-clang, r-devel-linux-x86_64-fedora-gcc, r-devel-windows-x86_64, r-patched-linux-x86_64, r-release-linux-x86_64, r-release-macos-arm64, r-release-macos-x86_64, r-release-windows-x86_64, r-oldrel-macos-arm64, r-oldrel-macos-x86_64, r-oldrel-windows-x86_64