CRAN Package Check Results for Package rijkspalette

Last updated on 2021-04-15 04:48:53 CEST.

Flavor Version Tinstall Tcheck Ttotal Status Flags
r-devel-linux-x86_64-debian-clang 1.0.1 2.04 23.45 25.49 NOTE
r-devel-linux-x86_64-debian-gcc 1.0.1 1.66 18.06 19.72 NOTE
r-devel-linux-x86_64-fedora-clang 1.0.1 40.53 NOTE
r-devel-linux-x86_64-fedora-gcc 1.0.1 29.71 NOTE
r-devel-windows-ix86+x86_64 1.0.1 5.00 33.00 38.00 NOTE
r-devel-windows-x86_64-gcc10-UCRT 1.0.1 NOTE
r-patched-linux-x86_64 1.0.1 1.93 22.24 24.17 OK
r-patched-solaris-x86 1.0.1 49.50 NOTE
r-release-linux-x86_64 1.0.1 1.92 21.95 23.87 OK
r-release-macos-x86_64 1.0.1 NOTE
r-release-windows-ix86+x86_64 1.0.1 5.00 40.00 45.00 OK
r-oldrel-macos-x86_64 1.0.1 NOTE
r-oldrel-windows-ix86+x86_64 1.0.1 4.00 29.00 33.00 OK

Additional issues

ATLAS

Check Details

Version: 1.0.1
Check: LazyData
Result: NOTE
     'LazyData' is specified without a 'data' directory
Flavors: r-devel-linux-x86_64-debian-clang, r-devel-linux-x86_64-debian-gcc, r-devel-linux-x86_64-fedora-clang, r-devel-linux-x86_64-fedora-gcc, r-devel-windows-ix86+x86_64, r-devel-windows-x86_64-gcc10-UCRT

Version: 1.0.1
Check: dependencies in R code
Result: NOTE
    Namespace in Imports field not imported from: ‘curl’
     All declared Imports should be used.
Flavors: r-devel-linux-x86_64-fedora-clang, r-devel-linux-x86_64-fedora-gcc, r-devel-windows-x86_64-gcc10-UCRT, r-patched-solaris-x86, r-release-macos-x86_64, r-oldrel-macos-x86_64