CRAN Package Check Results for Package rio

Last updated on 2020-12-05 15:49:12 CET.

Flavor Version Tinstall Tcheck Ttotal Status Flags
r-devel-linux-x86_64-debian-clang 0.5.16 6.67 73.72 80.39 NOTE
r-devel-linux-x86_64-debian-gcc 0.5.16 5.10 58.72 63.82 NOTE
r-devel-linux-x86_64-fedora-clang 0.5.16 96.36 NOTE
r-devel-linux-x86_64-fedora-gcc 0.5.16 90.89 NOTE
r-devel-windows-ix86+x86_64 0.5.16 13.00 101.00 114.00 OK
r-patched-linux-x86_64 0.5.16 7.00 69.77 76.77 NOTE
r-patched-solaris-x86 0.5.16 129.60 NOTE
r-release-linux-x86_64 0.5.16 7.20 70.57 77.77 NOTE
r-release-macos-x86_64 0.5.16 OK
r-release-windows-ix86+x86_64 0.5.16 13.00 76.00 89.00 OK
r-oldrel-macos-x86_64 0.5.16 OK
r-oldrel-windows-ix86+x86_64 0.5.16 11.00 78.00 89.00 OK

Check Details

Version: 0.5.16
Check: for non-standard things in the check directory
Result: NOTE
    Found the following files/directories:
     'mtcars.txt'
Flavors: r-devel-linux-x86_64-debian-clang, r-devel-linux-x86_64-debian-gcc, r-devel-linux-x86_64-fedora-clang, r-devel-linux-x86_64-fedora-gcc, r-patched-linux-x86_64, r-patched-solaris-x86, r-release-linux-x86_64