CRAN Package Check Results for Package riskyr

Last updated on 2020-06-01 14:50:02 CEST.

Flavor Version Tinstall Tcheck Ttotal Status Flags
r-devel-linux-x86_64-debian-clang 0.2.0 12.28 86.65 98.93 OK
r-devel-linux-x86_64-debian-gcc 0.2.0 9.97 66.90 76.87 OK
r-devel-linux-x86_64-fedora-clang 0.2.0 128.35 OK
r-devel-linux-x86_64-fedora-gcc 0.2.0 122.50 OK
r-devel-windows-ix86+x86_64 0.2.0 25.00 128.00 153.00 OK
r-patched-linux-x86_64 0.2.0 13.41 86.94 100.35 OK
r-patched-solaris-x86 0.2.0 141.80 NOTE
r-release-linux-x86_64 0.2.0 12.05 88.18 100.23 OK
r-release-osx-x86_64 0.2.0 OK
r-release-windows-ix86+x86_64 0.2.0 19.00 191.00 210.00 OK
r-oldrel-osx-x86_64 0.2.0 OK
r-oldrel-windows-ix86+x86_64 0.2.0 22.00 97.00 119.00 OK

Check Details

Version: 0.2.0
Check: installed package size
Result: NOTE
     installed size is 5.1Mb
     sub-directories of 1Mb or more:
     doc 3.3Mb
Flavor: r-patched-solaris-x86