CRAN Package Check Results for Package riskyr

Last updated on 2019-09-23 16:47:54 CEST.

Flavor Version Tinstall Tcheck Ttotal Status Flags
r-devel-linux-x86_64-debian-clang 0.2.0 12.19 77.68 89.87 OK
r-devel-linux-x86_64-debian-gcc 0.2.0 10.22 61.15 71.37 OK
r-devel-linux-x86_64-fedora-clang 0.2.0 108.23 OK
r-devel-linux-x86_64-fedora-gcc 0.2.0 108.28 OK
r-devel-windows-ix86+x86_64 0.2.0 28.00 128.00 156.00 OK
r-patched-linux-x86_64 0.2.0 11.08 77.50 88.58 OK
r-patched-solaris-x86 0.2.0 131.10 NOTE
r-release-linux-x86_64 0.2.0 10.54 77.67 88.21 OK
r-release-windows-ix86+x86_64 0.2.0 24.00 128.00 152.00 OK
r-release-osx-x86_64 0.2.0 OK
r-oldrel-windows-ix86+x86_64 0.2.0 16.00 86.00 102.00 OK
r-oldrel-osx-x86_64 0.2.0 OK

Check Details

Version: 0.2.0
Check: installed package size
Result: NOTE
     installed size is 5.1Mb
     sub-directories of 1Mb or more:
     doc 3.3Mb
Flavor: r-patched-solaris-x86