CRAN Package Check Results for Package rjmcmc

Last updated on 2022-12-09 15:56:00 CET.

Flavor Version Tinstall Tcheck Ttotal Status Flags
r-devel-linux-x86_64-debian-clang 0.4.5 10.06 91.20 101.26 NOTE
r-devel-linux-x86_64-debian-gcc 0.4.5 7.97 70.63 78.60 NOTE
r-devel-linux-x86_64-fedora-clang 0.4.5 134.67 NOTE
r-devel-linux-x86_64-fedora-gcc 0.4.5 130.20 NOTE
r-devel-windows-x86_64 0.4.5 13.00 112.00 125.00 NOTE
r-patched-linux-x86_64 0.4.5 12.54 84.87 97.41 NOTE
r-release-linux-x86_64 0.4.5 9.15 85.09 94.24 NOTE
r-release-macos-arm64 0.4.5 37.00 NOTE
r-release-macos-x86_64 0.4.5 49.00 NOTE
r-release-windows-x86_64 0.4.5 12.00 110.00 122.00 NOTE
r-oldrel-macos-arm64 0.4.5 38.00 NOTE
r-oldrel-macos-x86_64 0.4.5 71.00 NOTE
r-oldrel-windows-ix86+x86_64 0.4.5 19.00 107.00 126.00 NOTE

Check Details

Version: 0.4.5
Check: LazyData
Result: NOTE
     'LazyData' is specified without a 'data' directory
Flavors: r-devel-linux-x86_64-debian-clang, r-devel-linux-x86_64-debian-gcc, r-devel-linux-x86_64-fedora-clang, r-devel-linux-x86_64-fedora-gcc, r-devel-windows-x86_64, r-patched-linux-x86_64, r-release-linux-x86_64, r-release-macos-arm64, r-release-macos-x86_64, r-release-windows-x86_64, r-oldrel-macos-arm64, r-oldrel-macos-x86_64, r-oldrel-windows-ix86+x86_64

Version: 0.4.5
Check: dependencies in R code
Result: NOTE
    Namespace in Imports field not imported from: ‘coda’
     All declared Imports should be used.
Flavors: r-devel-linux-x86_64-fedora-clang, r-devel-linux-x86_64-fedora-gcc, r-release-macos-arm64, r-release-macos-x86_64, r-oldrel-macos-arm64, r-oldrel-macos-x86_64