CRAN Package Check Results for Package rkafkajars

Last updated on 2021-04-15 06:47:57 CEST.

Flavor Version Tinstall Tcheck Ttotal Status Flags
r-devel-linux-x86_64-debian-clang 1.1 6.79 50.41 57.20 OK
r-devel-linux-x86_64-debian-gcc 1.1 5.64 39.64 45.28 OK
r-devel-linux-x86_64-fedora-clang 1.1 76.08 NOTE
r-devel-linux-x86_64-fedora-gcc 1.1 67.27 OK
r-devel-windows-ix86+x86_64 1.1 14.00 47.00 61.00 NOTE
r-devel-windows-x86_64-gcc10-UCRT 1.1 OK
r-patched-linux-x86_64 1.1 6.29 47.70 53.99 OK
r-patched-solaris-x86 1.1 90.30 NOTE
r-release-linux-x86_64 1.1 7.34 48.11 55.45 OK
r-release-macos-x86_64 1.1 NOTE
r-release-windows-ix86+x86_64 1.1 10.00 61.00 71.00 NOTE
r-oldrel-macos-x86_64 1.1 NOTE
r-oldrel-windows-ix86+x86_64 1.1 9.00 39.00 48.00 NOTE

Check Details

Version: 1.1
Check: installed package size
Result: NOTE
     installed size is 12.2Mb
     sub-directories of 1Mb or more:
     java 12.0Mb
Flavors: r-devel-linux-x86_64-fedora-clang, r-devel-windows-ix86+x86_64, r-patched-solaris-x86, r-release-macos-x86_64, r-release-windows-ix86+x86_64, r-oldrel-macos-x86_64, r-oldrel-windows-ix86+x86_64