CRAN Package Check Results for Package rkafkajars

Last updated on 2022-09-28 13:52:02 CEST.

Flavor Version Tinstall Tcheck Ttotal Status Flags
r-devel-linux-x86_64-debian-clang 1.2 8.51 53.63 62.14 OK
r-devel-linux-x86_64-debian-gcc 1.2 5.27 41.45 46.72 OK
r-devel-linux-x86_64-fedora-clang 1.2 81.18 NOTE
r-devel-linux-x86_64-fedora-gcc 1.2 78.58 OK
r-devel-windows-x86_64 1.2 606.00 62.00 668.00 NOTE
r-patched-linux-x86_64 1.2 6.47 51.61 58.08 OK
r-release-linux-x86_64 1.2 7.38 52.08 59.46 OK
r-release-macos-arm64 1.2 27.00 NOTE
r-release-macos-x86_64 1.2 51.00 NOTE
r-release-windows-x86_64 1.2 642.00 65.00 707.00 NOTE
r-oldrel-macos-arm64 1.2 30.00 NOTE
r-oldrel-macos-x86_64 1.2 53.00 NOTE
r-oldrel-windows-ix86+x86_64 1.2 14.00 61.00 75.00 NOTE

Check Details

Version: 1.2
Check: installed package size
Result: NOTE
     installed size is 12.2Mb
     sub-directories of 1Mb or more:
     java 12.0Mb
Flavors: r-devel-linux-x86_64-fedora-clang, r-devel-windows-x86_64, r-release-macos-arm64, r-release-macos-x86_64, r-release-windows-x86_64, r-oldrel-macos-arm64, r-oldrel-macos-x86_64, r-oldrel-windows-ix86+x86_64