CRAN Package Check Results for Package rmarkdown

Last updated on 2019-08-18 19:52:09 CEST.

Flavor Version Tinstall Tcheck Ttotal Status Flags
r-devel-linux-x86_64-debian-clang 1.14 9.34 54.71 64.05 OK
r-devel-linux-x86_64-debian-gcc 1.14 8.45 43.45 51.90 OK
r-devel-linux-x86_64-fedora-clang 1.14 80.26 NOTE
r-devel-linux-x86_64-fedora-gcc 1.14 72.72 OK
r-devel-windows-ix86+x86_64 1.14 28.00 79.00 107.00 NOTE
r-patched-linux-x86_64 1.14 10.10 54.50 64.60 OK
r-patched-solaris-x86 1.14 113.50 NOTE
r-release-linux-x86_64 1.14 10.13 54.15 64.28 OK
r-release-windows-ix86+x86_64 1.14 18.00 66.00 84.00 NOTE
r-release-osx-x86_64 1.14 NOTE
r-oldrel-windows-ix86+x86_64 1.14 23.00 92.00 115.00 NOTE
r-oldrel-osx-x86_64 1.14 NOTE

Check Details

Version: 1.14
Check: installed package size
Result: NOTE
     installed size is 9.2Mb
     sub-directories of 1Mb or more:
     rmd 8.3Mb
Flavors: r-devel-linux-x86_64-fedora-clang, r-devel-windows-ix86+x86_64, r-patched-solaris-x86, r-release-windows-ix86+x86_64, r-release-osx-x86_64, r-oldrel-windows-ix86+x86_64, r-oldrel-osx-x86_64