CRAN Package Check Results for Package rmarkdown

Last updated on 2020-10-21 08:49:25 CEST.

Flavor Version Tinstall Tcheck Ttotal Status Flags
r-devel-linux-x86_64-debian-clang 2.4 10.99 63.02 74.01 OK
r-devel-linux-x86_64-debian-gcc 2.4 8.20 49.24 57.44 OK
r-devel-linux-x86_64-fedora-clang 2.5 101.70 NOTE
r-devel-linux-x86_64-fedora-gcc 2.5 92.99 OK
r-devel-windows-ix86+x86_64 2.4 17.00 85.00 102.00 NOTE
r-patched-linux-x86_64 2.4 9.05 59.11 68.16 OK
r-patched-solaris-x86 2.4 117.00 NOTE
r-release-linux-x86_64 2.4 9.52 59.73 69.25 OK
r-release-macos-x86_64 2.4 ERROR
r-release-windows-ix86+x86_64 2.4 12.00 59.00 71.00 NOTE
r-oldrel-macos-x86_64 2.4 ERROR
r-oldrel-windows-ix86+x86_64 2.4 12.00 59.00 71.00 NOTE

Check Details

Version: 2.5
Check: installed package size
Result: NOTE
     installed size is 9.3Mb
     sub-directories of 1Mb or more:
     rmd 8.3Mb
Flavor: r-devel-linux-x86_64-fedora-clang

Version: 2.4
Check: installed package size
Result: NOTE
     installed size is 9.0Mb
     sub-directories of 1Mb or more:
     rmd 8.1Mb
Flavors: r-devel-windows-ix86+x86_64, r-patched-solaris-x86, r-release-macos-x86_64, r-release-windows-ix86+x86_64, r-oldrel-macos-x86_64, r-oldrel-windows-ix86+x86_64

Version: 2.4
Check: dependencies in R code
Result: NOTE
    Namespace in Imports field not imported from: ‘mime’
     All declared Imports should be used.
Flavors: r-patched-solaris-x86, r-release-macos-x86_64, r-oldrel-macos-x86_64

Version: 2.4
Check: examples
Result: ERROR
    Running examples in ‘rmarkdown-Ex.R’ failed
    The error most likely occurred in:
    
    > ### Name: pkg_file_lua
    > ### Title: Get the full paths of Lua filters in an R package
    > ### Aliases: pkg_file_lua
    >
    > ### ** Examples
    >
    > # List all Lua filters stored in the rmarkdown package
    > pkg_file_lua()
    [1] "/Volumes/Builds/packages/high-sierra-x86_64/results/4.0/rmarkdown.Rcheck/rmarkdown/rmarkdown/lua/latex-div.lua"
    [2] "/Volumes/Builds/packages/high-sierra-x86_64/results/4.0/rmarkdown.Rcheck/rmarkdown/rmarkdown/lua/number-sections.lua"
    [3] "/Volumes/Builds/packages/high-sierra-x86_64/results/4.0/rmarkdown.Rcheck/rmarkdown/rmarkdown/lua/pagebreak.lua"
    > # or in a specific package
    > if (xfun::loadable("bookdown")) pkg_file_lua(package = "bookdown")
    Error in system.file(..., package = package) : no file found
    Calls: pkg_file_lua -> pkg_file -> system.file
    Execution halted
Flavor: r-release-macos-x86_64

Version: 2.4
Check: examples
Result: ERROR
    Running examples in ‘rmarkdown-Ex.R’ failed
    The error most likely occurred in:
    
    > ### Name: pkg_file_lua
    > ### Title: Get the full paths of Lua filters in an R package
    > ### Aliases: pkg_file_lua
    >
    > ### ** Examples
    >
    > # List all Lua filters stored in the rmarkdown package
    > pkg_file_lua()
    [1] "/Volumes/SSD-Data/Builds/R-dev-web/QA/Simon/packages/el-capitan-x86_64/results/3.6/rmarkdown.Rcheck/rmarkdown/rmarkdown/lua/latex-div.lua"
    [2] "/Volumes/SSD-Data/Builds/R-dev-web/QA/Simon/packages/el-capitan-x86_64/results/3.6/rmarkdown.Rcheck/rmarkdown/rmarkdown/lua/number-sections.lua"
    [3] "/Volumes/SSD-Data/Builds/R-dev-web/QA/Simon/packages/el-capitan-x86_64/results/3.6/rmarkdown.Rcheck/rmarkdown/rmarkdown/lua/pagebreak.lua"
    > # or in a specific package
    > if (xfun::loadable("bookdown")) pkg_file_lua(package = "bookdown")
    Error in system.file(..., package = package) : no file found
    Calls: pkg_file_lua -> pkg_file -> system.file
    Execution halted
Flavor: r-oldrel-macos-x86_64