Last updated on 2019-12-10 06:48:18 CET.
Flavor | Version | Tinstall | Tcheck | Ttotal | Status | Flags |
---|---|---|---|---|---|---|
r-devel-linux-x86_64-debian-clang | 1.18 | 11.69 | 64.96 | 76.65 | OK | |
r-devel-linux-x86_64-debian-gcc | 1.18 | 8.78 | 52.16 | 60.94 | OK | |
r-devel-linux-x86_64-fedora-clang | 1.18 | 93.32 | NOTE | |||
r-devel-linux-x86_64-fedora-gcc | 1.18 | 88.76 | OK | |||
r-devel-windows-ix86+x86_64 | 1.18 | 33.00 | 111.00 | 144.00 | WARN | |
r-devel-windows-ix86+x86_64-gcc8 | 1.18 | 20.00 | 105.00 | 125.00 | NOTE | |
r-patched-linux-x86_64 | 1.18 | 8.39 | 58.44 | 66.83 | OK | |
r-patched-solaris-x86 | 1.18 | 115.20 | NOTE | |||
r-release-linux-x86_64 | 1.18 | 8.55 | 61.06 | 69.61 | OK | |
r-release-windows-ix86+x86_64 | 1.18 | 18.00 | 76.00 | 94.00 | NOTE | |
r-release-osx-x86_64 | 1.18 | NOTE | ||||
r-oldrel-windows-ix86+x86_64 | 1.18 | 15.00 | 87.00 | 102.00 | NOTE | |
r-oldrel-osx-x86_64 | 1.18 | NOTE |
Version: 1.18
Check: installed package size
Result: NOTE
installed size is 9.2Mb
sub-directories of 1Mb or more:
rmd 8.3Mb
Flavors: r-devel-linux-x86_64-fedora-clang, r-devel-windows-ix86+x86_64, r-devel-windows-ix86+x86_64-gcc8, r-patched-solaris-x86, r-release-windows-ix86+x86_64, r-release-osx-x86_64, r-oldrel-windows-ix86+x86_64, r-oldrel-osx-x86_64
Version: 1.18
Check: re-building of vignette outputs
Result: WARN
Error(s) in re-building vignettes:
--- re-building 'lua-filters.Rmd' using rmarkdown
Error: processing vignette 'lua-filters.Rmd' failed with diagnostics:
there is no package called 'stringi'
--- failed re-building 'lua-filters.Rmd'
--- re-building 'pandoc.Rmd' using rmarkdown
Error: processing vignette 'pandoc.Rmd' failed with diagnostics:
there is no package called 'stringi'
--- failed re-building 'pandoc.Rmd'
--- re-building 'rmarkdown.Rmd' using rmarkdown
Error: processing vignette 'rmarkdown.Rmd' failed with diagnostics:
there is no package called 'stringi'
--- failed re-building 'rmarkdown.Rmd'
SUMMARY: processing the following files failed:
'lua-filters.Rmd' 'pandoc.Rmd' 'rmarkdown.Rmd'
Error: Vignette re-building failed.
Execution halted
Flavor: r-devel-windows-ix86+x86_64