CRAN Package Check Results for Package rmdplugr

Last updated on 2022-06-26 11:17:26 CEST.

Flavor Version Tinstall Tcheck Ttotal Status Flags
r-devel-linux-x86_64-debian-clang 0.4.1 2.88 32.72 35.60 NOTE
r-devel-linux-x86_64-debian-gcc 0.4.1 2.05 26.23 28.28 NOTE
r-devel-linux-x86_64-fedora-clang 0.4.1 57.25 NOTE
r-devel-linux-x86_64-fedora-gcc 0.4.1 55.57 NOTE
r-devel-windows-x86_64 0.4.1 27.00 68.00 95.00 NOTE
r-patched-linux-x86_64 0.4.1 2.92 32.14 35.06 NOTE
r-release-linux-x86_64 0.4.1 2.47 31.99 34.46 NOTE
r-release-macos-arm64 0.4.1 19.00 NOTE
r-release-macos-x86_64 0.4.1 28.00 NOTE
r-release-windows-x86_64 0.4.1 40.00 65.00 105.00 NOTE
r-oldrel-macos-arm64 0.4.1 23.00 NOTE
r-oldrel-macos-x86_64 0.4.1 30.00 NOTE
r-oldrel-windows-ix86+x86_64 0.4.1 7.00 55.00 62.00 NOTE

Check Details

Version: 0.4.1
Check: LazyData
Result: NOTE
     'LazyData' is specified without a 'data' directory
Flavors: r-devel-linux-x86_64-debian-clang, r-devel-linux-x86_64-debian-gcc, r-devel-linux-x86_64-fedora-clang, r-devel-linux-x86_64-fedora-gcc, r-devel-windows-x86_64, r-patched-linux-x86_64, r-release-linux-x86_64, r-release-macos-arm64, r-release-macos-x86_64, r-release-windows-x86_64, r-oldrel-macos-arm64, r-oldrel-macos-x86_64, r-oldrel-windows-ix86+x86_64