CRAN Package Check Results for Package rminizinc

Last updated on 2022-01-26 00:50:02 CET.

Flavor Version Tinstall Tcheck Ttotal Status Flags
r-devel-linux-x86_64-debian-clang 0.0.8 70.54 76.35 146.89 OK
r-devel-linux-x86_64-debian-gcc 0.0.8 50.99 58.01 109.00 OK
r-devel-linux-x86_64-fedora-clang 0.0.8 194.25 NOTE
r-devel-linux-x86_64-fedora-gcc 0.0.8 173.94 OK
r-devel-windows-x86_64-new-UL 0.0.8 1253.00 216.00 1469.00 NOTE
r-devel-windows-x86_64-new-TK 0.0.8 OK
r-patched-linux-x86_64 0.0.8 60.46 69.58 130.04 OK
r-release-linux-x86_64 0.0.8 62.67 69.93 132.60 OK
r-release-macos-arm64 0.0.8 NOTE
r-release-macos-x86_64 0.0.8 NOTE
r-release-windows-ix86+x86_64 0.0.8 158.00 112.00 270.00 NOTE
r-oldrel-macos-x86_64 0.0.8 NOTE
r-oldrel-windows-ix86+x86_64 0.0.8 158.00 111.00 269.00 NOTE

Check Details

Version: 0.0.8
Check: installed package size
Result: NOTE
     installed size is 6.9Mb
     sub-directories of 1Mb or more:
     libs 1.1Mb
     minizinc 3.4Mb
Flavors: r-devel-linux-x86_64-fedora-clang, r-devel-windows-x86_64-new-UL, r-release-macos-arm64, r-release-macos-x86_64, r-release-windows-ix86+x86_64, r-oldrel-macos-x86_64, r-oldrel-windows-ix86+x86_64