CRAN Package Check Results for Package rmutil

Last updated on 2022-08-12 03:53:37 CEST.

Flavor Version Tinstall Tcheck Ttotal Status Flags
r-devel-linux-x86_64-debian-clang 1.1.9 19.63 83.05 102.68 NOTE
r-devel-linux-x86_64-debian-gcc 1.1.9 15.14 60.93 76.07 NOTE
r-devel-linux-x86_64-fedora-clang 1.1.9 132.45 NOTE
r-devel-linux-x86_64-fedora-gcc 1.1.9 127.35 NOTE
r-devel-windows-x86_64 1.1.9 40.00 95.00 135.00 NOTE
r-patched-linux-x86_64 1.1.9 18.11 79.23 97.34 OK
r-release-linux-x86_64 1.1.9 15.59 77.62 93.21 OK
r-release-macos-arm64 1.1.9 36.00 OK
r-release-macos-x86_64 1.1.9 44.00 OK
r-release-windows-x86_64 1.1.9 34.00 94.00 128.00 OK
r-oldrel-macos-arm64 1.1.9 35.00 OK
r-oldrel-macos-x86_64 1.1.9 54.00 OK
r-oldrel-windows-ix86+x86_64 1.1.9 34.00 95.00 129.00 OK

Check Details

Version: 1.1.9
Check: package subdirectories
Result: NOTE
    Problems with news in 'NEWS.md':
     Cannot extract version info from the following section titles:
     Major changes
Flavors: r-devel-linux-x86_64-debian-clang, r-devel-linux-x86_64-debian-gcc, r-devel-linux-x86_64-fedora-clang, r-devel-linux-x86_64-fedora-gcc, r-devel-windows-x86_64

Version: 1.1.9
Check: Rd files
Result: NOTE
    checkRd: (-1) wr.Rd:2: Escaped LaTeX specials: \&
Flavors: r-devel-linux-x86_64-debian-clang, r-devel-linux-x86_64-debian-gcc, r-devel-linux-x86_64-fedora-clang, r-devel-linux-x86_64-fedora-gcc, r-devel-windows-x86_64