CRAN Package Check Results for Package rnaturalearth

Last updated on 2019-09-23 12:48:03 CEST.

Flavor Version Tinstall Tcheck Ttotal Status Flags
r-devel-linux-x86_64-debian-clang 0.1.0 5.60 51.53 57.13 NOTE
r-devel-linux-x86_64-debian-gcc 0.1.0 4.04 40.78 44.82 NOTE
r-devel-linux-x86_64-fedora-clang 0.1.0 70.89 NOTE
r-devel-linux-x86_64-fedora-gcc 0.1.0 69.89 NOTE
r-devel-windows-ix86+x86_64 0.1.0 15.00 96.00 111.00 NOTE
r-patched-linux-x86_64 0.1.0 4.66 49.79 54.45 NOTE
r-patched-solaris-x86 0.1.0 113.90 NOTE
r-release-linux-x86_64 0.1.0 4.88 51.13 56.01 NOTE
r-release-windows-ix86+x86_64 0.1.0 26.00 98.00 124.00 NOTE
r-release-osx-x86_64 0.1.0 NOTE
r-oldrel-windows-ix86+x86_64 0.1.0 5.00 62.00 67.00 NOTE
r-oldrel-osx-x86_64 0.1.0 NOTE

Check Details

Version: 0.1.0
Check: package dependencies
Result: NOTE
    Package suggested but not available for checking: 'rnaturalearthhires'
Flavors: r-devel-linux-x86_64-debian-clang, r-devel-linux-x86_64-debian-gcc, r-devel-linux-x86_64-fedora-clang, r-devel-linux-x86_64-fedora-gcc, r-devel-windows-ix86+x86_64, r-patched-linux-x86_64, r-patched-solaris-x86, r-release-linux-x86_64, r-release-windows-ix86+x86_64, r-release-osx-x86_64, r-oldrel-windows-ix86+x86_64, r-oldrel-osx-x86_64

Version: 0.1.0
Check: data for non-ASCII characters
Result: NOTE
     Note: found 7 marked Latin-1 strings
Flavors: r-devel-linux-x86_64-fedora-clang, r-devel-linux-x86_64-fedora-gcc, r-patched-solaris-x86, r-release-osx-x86_64, r-oldrel-osx-x86_64