CRAN Package Check Results for Package rncl

Last updated on 2021-02-28 00:48:56 CET.

Flavor Version Tinstall Tcheck Ttotal Status Flags
r-devel-linux-x86_64-debian-clang 0.8.4 191.59 32.38 223.97 OK
r-devel-linux-x86_64-debian-gcc 0.8.4 148.76 25.65 174.41 OK
r-devel-linux-x86_64-fedora-clang 0.8.4 353.04 NOTE
r-devel-linux-x86_64-fedora-gcc 0.8.4 318.76 OK
r-devel-windows-ix86+x86_64 0.8.4 309.00 67.00 376.00 OK
r-patched-linux-x86_64 0.8.4 182.61 31.90 214.51 OK
r-patched-solaris-x86 0.8.4 246.60 OK
r-release-linux-x86_64 0.8.4 172.11 31.93 204.04 OK
r-release-macos-x86_64 0.8.4 NOTE
r-release-windows-ix86+x86_64 0.8.4 421.00 16.00 437.00 ERROR
r-oldrel-macos-x86_64 0.8.4 NOTE
r-oldrel-windows-ix86+x86_64 0.8.4 301.00 84.00 385.00 OK

Check Details

Version: 0.8.4
Check: installed package size
Result: NOTE
     installed size is 22.7Mb
     sub-directories of 1Mb or more:
     libs 22.4Mb
Flavors: r-devel-linux-x86_64-fedora-clang, r-release-macos-x86_64, r-oldrel-macos-x86_64

Version: 0.8.4
Check: whether package can be installed
Result: ERROR
    Installation failed.
    See 'd:/Rcompile/CRANpkg/local/4.0/rncl.Rcheck/00install.out'*
Flavor: r-release-windows-ix86+x86_64