CRAN Package Check Results for Package robfilter

Last updated on 2023-06-02 01:53:51 CEST.

Flavor Version Tinstall Tcheck Ttotal Status Flags
r-devel-linux-x86_64-debian-clang 4.1.3 23.94 97.23 121.17 NOTE
r-devel-linux-x86_64-debian-gcc 4.1.3 16.50 74.36 90.86 NOTE
r-devel-linux-x86_64-fedora-clang 4.1.3 159.43 NOTE
r-devel-linux-x86_64-fedora-gcc 4.1.3 146.85 NOTE
r-devel-windows-x86_64 4.1.3 22.00 111.00 133.00 NOTE
r-patched-linux-x86_64 4.1.3 NOTE
r-release-linux-x86_64 4.1.3 19.10 95.12 114.22 NOTE
r-release-macos-arm64 4.1.3 44.00 NOTE
r-release-macos-x86_64 4.1.3 77.00 NOTE
r-release-windows-x86_64 4.1.3 23.00 131.00 154.00 NOTE
r-oldrel-macos-arm64 4.1.3 44.00 OK
r-oldrel-macos-x86_64 4.1.3 54.00 OK
r-oldrel-windows-x86_64 4.1.3 26.00 128.00 154.00 OK

Check Details

Version: 4.1.3
Check: C++ specification
Result: NOTE
     Specified C++11: please drop specification unless essential
Flavors: r-devel-linux-x86_64-debian-clang, r-devel-linux-x86_64-debian-gcc, r-devel-linux-x86_64-fedora-clang, r-devel-linux-x86_64-fedora-gcc, r-devel-windows-x86_64, r-patched-linux-x86_64, r-release-linux-x86_64, r-release-macos-arm64, r-release-macos-x86_64, r-release-windows-x86_64