CRAN Package Check Results for Package robis

Last updated on 2022-10-08 00:50:07 CEST.

Flavor Version Tinstall Tcheck Ttotal Status Flags
r-devel-linux-x86_64-debian-clang 2.11.3 9.61 92.53 102.14 OK
r-devel-linux-x86_64-debian-gcc 2.11.3 7.80 71.74 79.54 OK
r-devel-linux-x86_64-fedora-clang 2.11.3 140.10 NOTE
r-devel-linux-x86_64-fedora-gcc 2.11.3 135.11 NOTE
r-devel-windows-x86_64 2.11.3 26.00 140.00 166.00 OK
r-patched-linux-x86_64 2.11.3 6.96 86.50 93.46 OK
r-release-linux-x86_64 2.11.3 7.70 88.56 96.26 OK
r-release-macos-arm64 2.11.3 53.00 NOTE
r-release-macos-x86_64 2.11.3 65.00 NOTE
r-release-windows-x86_64 2.11.3 21.00 162.00 183.00 OK
r-oldrel-macos-arm64 2.11.3 56.00 NOTE
r-oldrel-macos-x86_64 2.11.3 84.00 NOTE
r-oldrel-windows-ix86+x86_64 2.11.3 26.00 118.00 144.00 OK

Check Details

Version: 2.11.3
Check: dependencies in R code
Result: NOTE
    Namespace in Imports field not imported from: ‘memoise’
     All declared Imports should be used.
Flavors: r-devel-linux-x86_64-fedora-clang, r-devel-linux-x86_64-fedora-gcc, r-release-macos-arm64, r-release-macos-x86_64, r-oldrel-macos-arm64, r-oldrel-macos-x86_64