Last updated on 2021-04-16 11:51:27 CEST.
Flavor | Version | Tinstall | Tcheck | Ttotal | Status | Flags |
---|---|---|---|---|---|---|
r-devel-linux-x86_64-debian-clang | 0.2.0 | 2.87 | 43.87 | 46.74 | NOTE | |
r-devel-linux-x86_64-debian-gcc | 0.2.0 | 2.18 | 32.96 | 35.14 | NOTE | |
r-devel-linux-x86_64-fedora-clang | 0.2.0 | 68.12 | NOTE | |||
r-devel-linux-x86_64-fedora-gcc | 0.2.0 | 56.77 | NOTE | |||
r-devel-windows-ix86+x86_64 | 0.2.0 | 8.00 | 48.00 | 56.00 | NOTE | |
r-devel-windows-x86_64-gcc10-UCRT | 0.2.0 | NOTE | ||||
r-patched-linux-x86_64 | 0.2.0 | 2.95 | 40.65 | 43.60 | OK | |
r-patched-solaris-x86 | 0.2.0 | 73.60 | OK | |||
r-release-linux-x86_64 | 0.2.0 | 2.69 | 40.62 | 43.31 | OK | |
r-release-macos-x86_64 | 0.2.0 | OK | ||||
r-release-windows-ix86+x86_64 | 0.2.0 | 5.00 | 58.00 | 63.00 | OK | |
r-oldrel-macos-x86_64 | 0.2.0 | OK | ||||
r-oldrel-windows-ix86+x86_64 | 0.2.0 | 4.00 | 55.00 | 59.00 | OK |
Version: 0.2.0
Check: LazyData
Result: NOTE
'LazyData' is specified without a 'data' directory
Flavors: r-devel-linux-x86_64-debian-clang, r-devel-linux-x86_64-debian-gcc, r-devel-linux-x86_64-fedora-clang, r-devel-linux-x86_64-fedora-gcc, r-devel-windows-ix86+x86_64, r-devel-windows-x86_64-gcc10-UCRT