CRAN Package Check Results for Package robustSingleCell

Last updated on 2020-12-05 02:49:55 CET.

Flavor Version Tinstall Tcheck Ttotal Status Flags
r-devel-linux-x86_64-debian-clang 0.1.1 29.91 135.29 165.20 OK
r-devel-linux-x86_64-debian-gcc 0.1.1 21.18 100.64 121.82 OK
r-devel-linux-x86_64-fedora-clang 0.1.1 202.03 OK
r-devel-linux-x86_64-fedora-gcc 0.1.1 191.46 OK
r-devel-windows-ix86+x86_64 0.1.1 46.00 255.00 301.00 NOTE
r-patched-linux-x86_64 0.1.1 17.02 128.69 145.71 OK
r-patched-solaris-x86 0.1.1 254.10 OK
r-release-linux-x86_64 0.1.1 19.75 123.69 143.44 OK
r-release-macos-x86_64 0.1.1 OK
r-release-windows-ix86+x86_64 0.1.1 48.00 199.00 247.00 NOTE
r-oldrel-macos-x86_64 0.1.1 OK
r-oldrel-windows-ix86+x86_64 0.1.1 59.00 229.00 288.00 OK

Check Details

Version: 0.1.1
Check: installed package size
Result: NOTE
     installed size is 5.3Mb
     sub-directories of 1Mb or more:
     doc 2.7Mb
     libs 2.0Mb
Flavors: r-devel-windows-ix86+x86_64, r-release-windows-ix86+x86_64