CRAN Package Check Results for Package rocTree

Last updated on 2021-09-17 07:51:41 CEST.

Flavor Version Tinstall Tcheck Ttotal Status Flags
r-devel-linux-x86_64-debian-clang 1.1.1 160.42 105.51 265.93 OK
r-devel-linux-x86_64-debian-gcc 1.1.1 114.81 78.43 193.24 OK
r-devel-linux-x86_64-fedora-clang 1.1.1 389.80 NOTE
r-devel-linux-x86_64-fedora-gcc 1.1.1 344.84 OK
r-devel-windows-x86_64 1.1.1 161.00 142.00 303.00 OK
r-devel-windows-x86_64-gcc10-UCRT 1.1.1 OK
r-patched-linux-x86_64 1.1.1 133.02 99.06 232.08 OK
r-patched-solaris-x86 1.1.1 340.30 OK
r-release-linux-x86_64 1.1.1 134.13 96.86 230.99 OK
r-release-macos-arm64 1.1.1 NOTE
r-release-macos-x86_64 1.1.1 NOTE
r-release-windows-ix86+x86_64 1.1.1 373.00 135.00 508.00 OK
r-oldrel-macos-x86_64 1.1.1 NOTE
r-oldrel-windows-ix86+x86_64 1.1.1 332.00 192.00 524.00 OK

Check Details

Version: 1.1.1
Check: installed package size
Result: NOTE
     installed size is 6.2Mb
     sub-directories of 1Mb or more:
     libs 6.0Mb
Flavors: r-devel-linux-x86_64-fedora-clang, r-release-macos-arm64, r-release-macos-x86_64, r-oldrel-macos-x86_64