CRAN Package Check Results for Package rocTree

Last updated on 2021-01-27 13:48:58 CET.

Flavor Version Tinstall Tcheck Ttotal Status Flags
r-devel-linux-x86_64-debian-clang 1.1.1 159.45 104.20 263.65 OK
r-devel-linux-x86_64-debian-gcc 1.1.1 OK
r-devel-linux-x86_64-fedora-clang 1.1.1 355.78 NOTE
r-devel-linux-x86_64-fedora-gcc 1.1.1 322.87 OK
r-devel-windows-ix86+x86_64 1.1.1 368.00 174.00 542.00 OK
r-patched-linux-x86_64 1.1.1 104.50 92.65 197.15 OK
r-patched-solaris-x86 1.1.1 340.60 OK
r-release-linux-x86_64 1.1.1 97.35 93.58 190.93 OK
r-release-macos-x86_64 1.1.1 NOTE
r-release-windows-ix86+x86_64 1.1.1 367.00 184.00 551.00 OK
r-oldrel-macos-x86_64 1.1.1 NOTE
r-oldrel-windows-ix86+x86_64 1.1.1 279.00 170.00 449.00 OK

Check Details

Version: 1.1.1
Check: installed package size
Result: NOTE
     installed size is 7.6Mb
     sub-directories of 1Mb or more:
     libs 7.3Mb
Flavors: r-devel-linux-x86_64-fedora-clang, r-release-macos-x86_64, r-oldrel-macos-x86_64