CRAN Package Check Results for Package rocker

Last updated on 2022-08-15 04:50:25 CEST.

Flavor Version Tinstall Tcheck Ttotal Status Flags
r-devel-linux-x86_64-debian-clang 0.3.0 4.65 75.03 79.68 NOTE
r-devel-linux-x86_64-debian-gcc 0.3.0 4.46 56.63 61.09 NOTE
r-devel-linux-x86_64-fedora-clang 0.3.0 102.11 OK
r-devel-linux-x86_64-fedora-gcc 0.3.0 109.85 NOTE
r-devel-windows-x86_64 0.3.0 32.00 126.00 158.00 OK
r-patched-linux-x86_64 0.3.0 9.56 66.42 75.98 OK
r-release-linux-x86_64 0.3.0 5.42 67.61 73.03 OK
r-release-macos-arm64 0.3.0 31.00 OK
r-release-macos-x86_64 0.3.0 45.00 OK
r-release-windows-x86_64 0.3.0 36.00 124.00 160.00 OK
r-oldrel-macos-arm64 0.3.0 34.00 OK
r-oldrel-macos-x86_64 0.3.0 53.00 OK
r-oldrel-windows-ix86+x86_64 0.3.0 11.00 110.00 121.00 OK

Check Details

Version: 0.3.0
Check: HTML version of manual
Result: NOTE
    Found the following HTML validation problems:
    rocker-README.html:35:80: Warning: inserting implicit <p>
    rocker-README.html:38:85: Warning: inserting implicit <p>
    rocker-README.html:48:38: Warning: inserting implicit <p>
    rocker-README.html:52:38: Warning: inserting implicit <p>
    rocker-README.html:58:57: Warning: inserting implicit <p>
    rocker-README.html:86:41: Warning: inserting implicit <p>
    rocker-README.html:113:42: Warning: inserting implicit <p>
    rocker-README.html:179:47: Warning: inserting implicit <p>
    rocker-README.html:198:98: Warning: inserting implicit <p>
    rocker-README.html:215:54: Warning: inserting implicit <p>
    rocker-README.html:219:49: Warning: inserting implicit <p>
    rocker-README.html:225:81: Warning: inserting implicit <p>
    rocker-README.html:245:38: Warning: inserting implicit <p>
    rocker-README.html:267:61: Warning: inserting implicit <p>
    rocker-README.html:272:38: Warning: inserting implicit <p>
    rocker-README.html:282:38: Warning: inserting implicit <p>
    rocker-README.html:300:79: Warning: inserting implicit <p>
    rocker-README.html:305:38: Warning: inserting implicit <p>
    rocker-README.html:316:38: Warning: inserting implicit <p>
    rocker-README.html:335:76: Warning: inserting implicit <p>
    rocker-README.html:340:38: Warning: inserting implicit <p>
    rocker-README.html:351:38: Warning: inserting implicit <p>
    rocker-README.html:369:93: Warning: inserting implicit <p>
    rocker-README.html:379:59: Warning: inserting implicit <p>
    rocker-README.html:393:81: Warning: inserting implicit <p>
    rocker-README.html:405:78: Warning: inserting implicit <p>
    rocker-README.html:432:45: Warning: inserting implicit <p>
    rocker-README.html:444:38: Warning: inserting implicit <p>
    rocker-README.html:455:56: Warning: inserting implicit <p>
    rocker-README.html:489:79: Warning: inserting implicit <p>
    rocker-README.html:532:44: Warning: inserting implicit <p>
    rocker-README.html:630:43: Warning: inserting implicit <p>
    rocker-README.html:685:38: Warning: inserting implicit <p>
    rocker-README.html:713:67: Warning: inserting implicit <p>
    rocker-README.html:731:70: Warning: inserting implicit <p>
    rocker-README.html:925:70: Warning: inserting implicit <p>
    rocker-README.html:944:94: Warning: inserting implicit <p>
    rocker-README.html:965:96: Warning: inserting implicit <p>
    rocker-README.html:991:38: Warning: inserting implicit <p>
    rocker-README.html:1004:57: Warning: inserting implicit <p>
    rocker-README.html:1025:57: Warning: inserting implicit <p>
    rocker-README.html:35:80: Warning: trimming empty <p>
    rocker-README.html:38:85: Warning: trimming empty <p>
    rocker-README.html:48:38: Warning: trimming empty <p>
    rocker-README.html:52:38: Warning: trimming empty <p>
    rocker-README.html:58:57: Warning: trimming empty <p>
    rocker-README.html:86:41: Warning: trimming empty <p>
    rocker-README.html:113:42: Warning: trimming empty <p>
    rocker-README.html:179:47: Warning: trimming empty <p>
    rocker-README.html:198:98: Warning: trimming empty <p>
    rocker-README.html:215:54: Warning: trimming empty <p>
    rocker-README.html:219:49: Warning: trimming empty <p>
    rocker-README.html:225:81: Warning: trimming empty <p>
    rocker-README.html:245:38: Warning: trimming empty <p>
    rocker-README.html:267:61: Warning: trimming empty <p>
    rocker-README.html:272:38: Warning: trimming empty <p>
    rocker-README.html:282:38: Warning: trimming empty <p>
    rocker-README.html:300:79: Warning: trimming empty <p>
    rocker-README.html:305:38: Warning: trimming empty <p>
    rocker-README.html:316:38: Warning: trimming empty <p>
    rocker-README.html:335:76: Warning: trimming empty <p>
    rocker-README.html:340:38: Warning: trimming empty <p>
    rocker-README.html:351:38: Warning: trimming empty <p>
    rocker-README.html:369:93: Warning: trimming empty <p>
    rocker-README.html:379:59: Warning: trimming empty <p>
    rocker-README.html:393:81: Warning: trimming empty <p>
    rocker-README.html:405:78: Warning: trimming empty <p>
    rocker-README.html:432:45: Warning: trimming empty <p>
    rocker-README.html:444:38: Warning: trimming empty <p>
    rocker-README.html:455:56: Warning: trimming empty <p>
    rocker-README.html:489:79: Warning: trimming empty <p>
    rocker-README.html:532:44: Warning: trimming empty <p>
    rocker-README.html:630:43: Warning: trimming empty <p>
    rocker-README.html:685:38: Warning: trimming empty <p>
    rocker-README.html:713:67: Warning: trimming empty <p>
    rocker-README.html:731:70: Warning: trimming empty <p>
    rocker-README.html:925:70: Warning: trimming empty <p>
    rocker-README.html:944:94: Warning: trimming empty <p>
    rocker-README.html:965:96: Warning: trimming empty <p>
    rocker-README.html:991:38: Warning: trimming empty <p>
    rocker-README.html:1004:57: Warning: trimming empty <p>
    rocker-README.html:1025:57: Warning: trimming empty <p>
Flavors: r-devel-linux-x86_64-debian-clang, r-devel-linux-x86_64-debian-gcc, r-devel-linux-x86_64-fedora-gcc